{"id":7781,"date":"2024-09-30T15:17:10","date_gmt":"2024-09-30T15:17:10","guid":{"rendered":"https:\/\/dypall.com\/?post_type=country&#038;p=7781"},"modified":"2024-09-30T15:17:10","modified_gmt":"2024-09-30T15:17:10","slug":"university-of-coimbra-institute-for-legal-research","status":"publish","type":"country","link":"https:\/\/dypall.com\/tr\/country\/university-of-coimbra-institute-for-legal-research\/","title":{"rendered":"Coimbra \u00dcniversitesi Hukuk Ara\u015ft\u0131rmalar\u0131 Enstit\u00fcs\u00fc"},"content":{"rendered":"<p>UCILeR \u2047 s, Kanunun insanlar aras\u0131nda sosyal uyum ve bir arada ya\u015faman\u0131n yan\u0131 s\u0131ra s\u00fcrd\u00fcr\u00fclebilir kalk\u0131nmay\u0131 adil bir \u015fekilde takip eden normatif \u00e7er\u00e7evelerin in\u015fas\u0131 i\u00e7in gerekli olan enine bir katk\u0131 sa\u011flayabilece\u011fini anl\u0131yor. UCILeR'in ara\u015ft\u0131rma \u00f6nerisi, g\u00fcncel sorunlar\u0131 ve mevcut yasalar \u0131\u015f\u0131\u011f\u0131nda veya mevcut \u00e7er\u00e7evede gerekli de\u011fi\u015fiklikler yoluyla yasal olarak \u00e7\u00f6z\u00fclme yollar\u0131n\u0131 yans\u0131tmaya dayanmaktad\u0131r. UCILeR'in \u00e7al\u0131\u015fmalar\u0131 bu vizyonu yans\u0131t\u0131yor.<\/p>","protected":false},"excerpt":{"rendered":"<p>UCILeR \u2047 s, Kanunun insanlar aras\u0131nda sosyal uyum ve bir arada ya\u015faman\u0131n yan\u0131 s\u0131ra s\u00fcrd\u00fcr\u00fclebilir kalk\u0131nmay\u0131 adil bir \u015fekilde takip eden normatif \u00e7er\u00e7evelerin in\u015fas\u0131 i\u00e7in gerekli olan enine bir katk\u0131 sa\u011flayabilece\u011fini anl\u0131yor. UCILeR'in ara\u015ft\u0131rma \u00f6nerisi, \u00e7a\u011fda\u015f sorunlar\u0131 ve yasal olarak \u00e7\u00f6z\u00fclebilecekleri yollar\u0131 yans\u0131tmaya dayanmaktad\u0131r. <a class=\"more-link\" href=\"https:\/\/dypall.com\/tr\/country\/university-of-coimbra-institute-for-legal-research\/\">Okumaya devam et <span class=\"screen-reader-text\">Coimbra \u00dcniversitesi Hukuk Ara\u015ft\u0131rmalar\u0131 Enstit\u00fcs\u00fc<\/span><\/a><\/p>","protected":false},"featured_media":7782,"parent":0,"menu_order":0,"comment_status":"open","ping_status":"open","template":"","format":"standard","meta":{"_acf_changed":true},"country_category":[216],"lavel":[49],"profession":[53],"class_list":["post-7781","country","type-country","status-publish","format-standard","has-post-thumbnail","hentry","country_category-portugal","lavel-basic","profession-research-institutions","entry"],"acf":[],"yoast_head":"<!-- This site is optimized with the Yoast SEO plugin v22.8 - https:\/\/yoast.com\/wordpress\/plugins\/seo\/ -->\n<title>University of Coimbra Institute for Legal Research - DYPALL Network<\/title>\n<meta name=\"robots\" content=\"index, follow, max-snippet:-1, max-image-preview:large, max-video-preview:-1\" \/>\n<link rel=\"canonical\" href=\"https:\/\/dypall.com\/tr\/country\/university-of-coimbra-institute-for-legal-research\/\" \/>\n<meta property=\"og:locale\" content=\"tr_TR\" \/>\n<meta property=\"og:type\" content=\"article\" \/>\n<meta property=\"og:title\" content=\"University of Coimbra Institute for Legal Research - DYPALL Network\" \/>\n<meta property=\"og:description\" content=\"UCILeR&#8217;s understands that Law can make a transversal contribution, being essential for social cohesion and coexistence between people, as well as for the construction of normative frameworks that fairly pursue sustainable development. UCILeR&#8217;s research proposal is based on reflecting on contemporary problems and the ways in which they can be legally resolved, either in the&hellip; Okumaya devam et University of Coimbra Institute for Legal Research\" \/>\n<meta property=\"og:url\" content=\"https:\/\/dypall.com\/tr\/country\/university-of-coimbra-institute-for-legal-research\/\" \/>\n<meta property=\"og:site_name\" content=\"DYPALL Network\" \/>\n<meta property=\"og:image\" content=\"https:\/\/dypall.com\/wp-content\/uploads\/2024\/09\/IJ_FundoClaro-Palaestra-Lab.png\" \/>\n\t<meta property=\"og:image:width\" content=\"1666\" \/>\n\t<meta property=\"og:image:height\" content=\"1670\" \/>\n\t<meta property=\"og:image:type\" content=\"image\/png\" \/>\n<meta name=\"twitter:card\" content=\"summary_large_image\" \/>\n<meta name=\"twitter:label1\" content=\"Est. reading time\" \/>\n\t<meta name=\"twitter:data1\" content=\"1 dakika\" \/>\n<script type=\"application\/ld+json\" class=\"yoast-schema-graph\">{\"@context\":\"https:\/\/schema.org\",\"@graph\":[{\"@type\":\"WebPage\",\"@id\":\"https:\/\/dypall.com\/country\/university-of-coimbra-institute-for-legal-research\/\",\"url\":\"https:\/\/dypall.com\/country\/university-of-coimbra-institute-for-legal-research\/\",\"name\":\"University of Coimbra Institute for Legal Research - DYPALL Network\",\"isPartOf\":{\"@id\":\"https:\/\/dypall.com\/#website\"},\"primaryImageOfPage\":{\"@id\":\"https:\/\/dypall.com\/country\/university-of-coimbra-institute-for-legal-research\/#primaryimage\"},\"image\":{\"@id\":\"https:\/\/dypall.com\/country\/university-of-coimbra-institute-for-legal-research\/#primaryimage\"},\"thumbnailUrl\":\"https:\/\/dypall.com\/wp-content\/uploads\/2024\/09\/IJ_FundoClaro-Palaestra-Lab.png\",\"datePublished\":\"2024-09-30T15:17:10+00:00\",\"dateModified\":\"2024-09-30T15:17:10+00:00\",\"breadcrumb\":{\"@id\":\"https:\/\/dypall.com\/country\/university-of-coimbra-institute-for-legal-research\/#breadcrumb\"},\"inLanguage\":\"tr\",\"potentialAction\":[{\"@type\":\"ReadAction\",\"target\":[\"https:\/\/dypall.com\/country\/university-of-coimbra-institute-for-legal-research\/\"]}]},{\"@type\":\"ImageObject\",\"inLanguage\":\"tr\",\"@id\":\"https:\/\/dypall.com\/country\/university-of-coimbra-institute-for-legal-research\/#primaryimage\",\"url\":\"https:\/\/dypall.com\/wp-content\/uploads\/2024\/09\/IJ_FundoClaro-Palaestra-Lab.png\",\"contentUrl\":\"https:\/\/dypall.com\/wp-content\/uploads\/2024\/09\/IJ_FundoClaro-Palaestra-Lab.png\",\"width\":1666,\"height\":1670},{\"@type\":\"BreadcrumbList\",\"@id\":\"https:\/\/dypall.com\/country\/university-of-coimbra-institute-for-legal-research\/#breadcrumb\",\"itemListElement\":[{\"@type\":\"ListItem\",\"position\":1,\"name\":\"Home\",\"item\":\"https:\/\/dypall.com\/\"},{\"@type\":\"ListItem\",\"position\":2,\"name\":\"University of Coimbra Institute for Legal Research\"}]},{\"@type\":\"WebSite\",\"@id\":\"https:\/\/dypall.com\/#website\",\"url\":\"https:\/\/dypall.com\/\",\"name\":\"DYPALL Network\",\"description\":\"We are a European network of civil society organisations, municipalities and research institutions dedicated to improving democracy through youth participation.\",\"potentialAction\":[{\"@type\":\"SearchAction\",\"target\":{\"@type\":\"EntryPoint\",\"urlTemplate\":\"https:\/\/dypall.com\/?s={search_term_string}\"},\"query-input\":\"required name=search_term_string\"}],\"inLanguage\":\"tr\"}]}<\/script>\n<!-- \/ Yoast SEO plugin. -->","yoast_head_json":{"title":"University of Coimbra Institute for Legal Research - DYPALL Network","robots":{"index":"index","follow":"follow","max-snippet":"max-snippet:-1","max-image-preview":"max-image-preview:large","max-video-preview":"max-video-preview:-1"},"canonical":"https:\/\/dypall.com\/tr\/country\/university-of-coimbra-institute-for-legal-research\/","og_locale":"tr_TR","og_type":"article","og_title":"University of Coimbra Institute for Legal Research - DYPALL Network","og_description":"UCILeR&#8217;s understands that Law can make a transversal contribution, being essential for social cohesion and coexistence between people, as well as for the construction of normative frameworks that fairly pursue sustainable development. UCILeR&#8217;s research proposal is based on reflecting on contemporary problems and the ways in which they can be legally resolved, either in the&hellip; Okumaya devam et University of Coimbra Institute for Legal Research","og_url":"https:\/\/dypall.com\/tr\/country\/university-of-coimbra-institute-for-legal-research\/","og_site_name":"DYPALL Network","og_image":[{"width":1666,"height":1670,"url":"https:\/\/dypall.com\/wp-content\/uploads\/2024\/09\/IJ_FundoClaro-Palaestra-Lab.png","type":"image\/png"}],"twitter_card":"summary_large_image","twitter_misc":{"Est. reading time":"1 dakika"},"schema":{"@context":"https:\/\/schema.org","@graph":[{"@type":"WebPage","@id":"https:\/\/dypall.com\/country\/university-of-coimbra-institute-for-legal-research\/","url":"https:\/\/dypall.com\/country\/university-of-coimbra-institute-for-legal-research\/","name":"University of Coimbra Institute for Legal Research - DYPALL Network","isPartOf":{"@id":"https:\/\/dypall.com\/#website"},"primaryImageOfPage":{"@id":"https:\/\/dypall.com\/country\/university-of-coimbra-institute-for-legal-research\/#primaryimage"},"image":{"@id":"https:\/\/dypall.com\/country\/university-of-coimbra-institute-for-legal-research\/#primaryimage"},"thumbnailUrl":"https:\/\/dypall.com\/wp-content\/uploads\/2024\/09\/IJ_FundoClaro-Palaestra-Lab.png","datePublished":"2024-09-30T15:17:10+00:00","dateModified":"2024-09-30T15:17:10+00:00","breadcrumb":{"@id":"https:\/\/dypall.com\/country\/university-of-coimbra-institute-for-legal-research\/#breadcrumb"},"inLanguage":"tr","potentialAction":[{"@type":"ReadAction","target":["https:\/\/dypall.com\/country\/university-of-coimbra-institute-for-legal-research\/"]}]},{"@type":"ImageObject","inLanguage":"tr","@id":"https:\/\/dypall.com\/country\/university-of-coimbra-institute-for-legal-research\/#primaryimage","url":"https:\/\/dypall.com\/wp-content\/uploads\/2024\/09\/IJ_FundoClaro-Palaestra-Lab.png","contentUrl":"https:\/\/dypall.com\/wp-content\/uploads\/2024\/09\/IJ_FundoClaro-Palaestra-Lab.png","width":1666,"height":1670},{"@type":"BreadcrumbList","@id":"https:\/\/dypall.com\/country\/university-of-coimbra-institute-for-legal-research\/#breadcrumb","itemListElement":[{"@type":"ListItem","position":1,"name":"Home","item":"https:\/\/dypall.com\/"},{"@type":"ListItem","position":2,"name":"University of Coimbra Institute for Legal Research"}]},{"@type":"WebSite","@id":"https:\/\/dypall.com\/#website","url":"https:\/\/dypall.com\/","name":"DYPALL Network","description":"We are a European network of civil society organisations, municipalities and research institutions dedicated to improving democracy through youth participation.","potentialAction":[{"@type":"SearchAction","target":{"@type":"EntryPoint","urlTemplate":"https:\/\/dypall.com\/?s={search_term_string}"},"query-input":"required name=search_term_string"}],"inLanguage":"tr"}]}},"jetpack_sharing_enabled":true,"_links":{"self":[{"href":"https:\/\/dypall.com\/tr\/wp-json\/wp\/v2\/country\/7781","targetHints":{"allow":["GET"]}}],"collection":[{"href":"https:\/\/dypall.com\/tr\/wp-json\/wp\/v2\/country"}],"about":[{"href":"https:\/\/dypall.com\/tr\/wp-json\/wp\/v2\/types\/country"}],"replies":[{"embeddable":true,"href":"https:\/\/dypall.com\/tr\/wp-json\/wp\/v2\/comments?post=7781"}],"wp:featuredmedia":[{"embeddable":true,"href":"https:\/\/dypall.com\/tr\/wp-json\/wp\/v2\/media\/7782"}],"wp:attachment":[{"href":"https:\/\/dypall.com\/tr\/wp-json\/wp\/v2\/media?parent=7781"}],"wp:term":[{"taxonomy":"country_category","embeddable":true,"href":"https:\/\/dypall.com\/tr\/wp-json\/wp\/v2\/country_category?post=7781"},{"taxonomy":"lavel","embeddable":true,"href":"https:\/\/dypall.com\/tr\/wp-json\/wp\/v2\/lavel?post=7781"},{"taxonomy":"profession","embeddable":true,"href":"https:\/\/dypall.com\/tr\/wp-json\/wp\/v2\/profession?post=7781"}],"curies":[{"name":"wp","href":"https:\/\/api.w.org\/{rel}","templated":true}]}}

Coimbra Üniversitesi Hukuk Araştırmaları Enstitüsü

<p>UCILeR ⁇ s, Kanunun insanlar arasında sosyal uyum ve bir arada yaşamanın yanı sıra sürdürülebilir kalkınmayı adil bir şekilde takip eden normatif çerçevelerin inşası için gerekli olan enine bir katkı sağlayabileceğini anlıyor. UCILeR'in araştırma önerisi, güncel sorunları ve mevcut yasalar ışığında veya mevcut çerçevede gerekli değişiklikler yoluyla yasal olarak çözülme yollarını yansıtmaya dayanmaktadır. UCILeR'in çalışmaları bu vizyonu yansıtıyor.</p>

<p>UCILeR ⁇ s, Kanunun insanlar arasında sosyal uyum ve bir arada yaşamanın yanı sıra sürdürülebilir kalkınmayı adil bir şekilde takip eden normatif çerçevelerin inşası için gerekli olan enine bir katkı sağlayabileceğini anlıyor. UCILeR'in araştırma önerisi, çağdaş sorunları ve yasal olarak çözülebilecekleri yolları yansıtmaya dayanmaktadır. <a class="more-link" href="https://dypall.com/tr/country/university-of-coimbra-institute-for-legal-research/">Okumaya devam et <span class="screen-reader-text">Coimbra Üniversitesi Hukuk Araştırmaları Enstitüsü</span></a></p>
