{"id":7771,"date":"2024-09-30T15:11:04","date_gmt":"2024-09-30T15:11:04","guid":{"rendered":"https:\/\/dypall.com\/?post_type=country&#038;p=7771"},"modified":"2024-10-01T13:35:57","modified_gmt":"2024-10-01T13:35:57","slug":"municipality-of-kolonje","status":"publish","type":"country","link":"https:\/\/dypall.com\/tr\/country\/municipality-of-kolonje\/","title":{"rendered":"Kolonj\u00eb Belediyesi"},"content":{"rendered":"<p>Kolonj\u00eb Belediyesi Arnavutluk'un g\u00fcneydo\u011fu b\u00f6lgesinde yer almaktad\u0131r ve toplam 864 km2 alana sahiptir. \u015eu anda 2 \u015fehir ve 76 k\u00f6ye yay\u0131lan toplam 17.898 n\u00fcfusumuz var. \u00d6ncelikle yerel y\u00f6netim ve y\u00f6netimle ilgileniyoruz. Ana odak alanlar\u0131m\u0131z aras\u0131nda gen\u00e7lerin g\u00fc\u00e7lendirilmesi, kentsel planlama, altyap\u0131 geli\u015ftirme, kamu hizmetleri, sosyal refah ve toplum kat\u0131l\u0131m\u0131 yer almaktad\u0131r. Projelerle ilgili i\u015fbirlikleri i\u00e7in l\u00fctfen bizimle ileti\u015fime ge\u00e7mekten \u00e7ekinmeyin.<\/p>","protected":false},"excerpt":{"rendered":"<p>Kolonj\u00eb Belediyesi Arnavutluk'un g\u00fcneydo\u011fu b\u00f6lgesinde yer almaktad\u0131r ve toplam 864 km2 alana sahiptir. \u015eu anda 2 \u015fehir ve 76 k\u00f6ye yay\u0131lan toplam 17.898 n\u00fcfusumuz var. \u00d6ncelikle yerel y\u00f6netim ve y\u00f6netimle ilgileniyoruz. Ana odak alanlar\u0131m\u0131z aras\u0131nda gen\u00e7lerin g\u00fc\u00e7lendirilmesi, kentsel planlama,... <a class=\"more-link\" href=\"https:\/\/dypall.com\/tr\/country\/municipality-of-kolonje\/\">Okumaya devam et <span class=\"screen-reader-text\">Kolonj\u00eb Belediyesi<\/span><\/a><\/p>","protected":false},"featured_media":7840,"parent":0,"menu_order":0,"comment_status":"open","ping_status":"open","template":"","format":"standard","meta":{"_acf_changed":true},"country_category":[221],"lavel":[49],"profession":[52],"class_list":["post-7771","country","type-country","status-publish","format-standard","has-post-thumbnail","hentry","country_category-albania","lavel-basic","profession-local-authorities","entry"],"acf":[],"yoast_head":"<!-- This site is optimized with the Yoast SEO plugin v22.8 - https:\/\/yoast.com\/wordpress\/plugins\/seo\/ -->\n<title>Municipality of Kolonj\u00eb - DYPALL Network<\/title>\n<meta name=\"robots\" content=\"index, follow, max-snippet:-1, max-image-preview:large, max-video-preview:-1\" \/>\n<link rel=\"canonical\" href=\"https:\/\/dypall.com\/tr\/country\/municipality-of-kolonje\/\" \/>\n<meta property=\"og:locale\" content=\"tr_TR\" \/>\n<meta property=\"og:type\" content=\"article\" \/>\n<meta property=\"og:title\" content=\"Municipality of Kolonj\u00eb - DYPALL Network\" \/>\n<meta property=\"og:description\" content=\"The Municipality of Kolonj\u00eb is located in the southeastern region of Albania and has a total area of 864 km2. We currently have a total population of 17,898 inhabitants, spreading across 2 cities and 76 villages. We are primarily engaged in local governance and administration. Our main areas of focus include youth empowerment, urban planning,&hellip; Okumaya devam et Municipality of Kolonj\u00eb\" \/>\n<meta property=\"og:url\" content=\"https:\/\/dypall.com\/tr\/country\/municipality-of-kolonje\/\" \/>\n<meta property=\"og:site_name\" content=\"DYPALL Network\" \/>\n<meta property=\"article:modified_time\" content=\"2024-10-01T13:35:57+00:00\" \/>\n<meta property=\"og:image\" content=\"https:\/\/dypall.com\/wp-content\/uploads\/2024\/09\/Design-sem-nome-31.png\" \/>\n\t<meta property=\"og:image:width\" content=\"500\" \/>\n\t<meta property=\"og:image:height\" content=\"500\" \/>\n\t<meta property=\"og:image:type\" content=\"image\/png\" \/>\n<meta name=\"twitter:card\" content=\"summary_large_image\" \/>\n<meta name=\"twitter:label1\" content=\"Est. reading time\" \/>\n\t<meta name=\"twitter:data1\" content=\"1 dakika\" \/>\n<script type=\"application\/ld+json\" class=\"yoast-schema-graph\">{\"@context\":\"https:\/\/schema.org\",\"@graph\":[{\"@type\":\"WebPage\",\"@id\":\"https:\/\/dypall.com\/country\/municipality-of-kolonje\/\",\"url\":\"https:\/\/dypall.com\/country\/municipality-of-kolonje\/\",\"name\":\"Municipality of Kolonj\u00eb - DYPALL Network\",\"isPartOf\":{\"@id\":\"https:\/\/dypall.com\/#website\"},\"primaryImageOfPage\":{\"@id\":\"https:\/\/dypall.com\/country\/municipality-of-kolonje\/#primaryimage\"},\"image\":{\"@id\":\"https:\/\/dypall.com\/country\/municipality-of-kolonje\/#primaryimage\"},\"thumbnailUrl\":\"https:\/\/dypall.com\/wp-content\/uploads\/2024\/09\/Design-sem-nome-31.png\",\"datePublished\":\"2024-09-30T15:11:04+00:00\",\"dateModified\":\"2024-10-01T13:35:57+00:00\",\"breadcrumb\":{\"@id\":\"https:\/\/dypall.com\/country\/municipality-of-kolonje\/#breadcrumb\"},\"inLanguage\":\"tr\",\"potentialAction\":[{\"@type\":\"ReadAction\",\"target\":[\"https:\/\/dypall.com\/country\/municipality-of-kolonje\/\"]}]},{\"@type\":\"ImageObject\",\"inLanguage\":\"tr\",\"@id\":\"https:\/\/dypall.com\/country\/municipality-of-kolonje\/#primaryimage\",\"url\":\"https:\/\/dypall.com\/wp-content\/uploads\/2024\/09\/Design-sem-nome-31.png\",\"contentUrl\":\"https:\/\/dypall.com\/wp-content\/uploads\/2024\/09\/Design-sem-nome-31.png\",\"width\":500,\"height\":500},{\"@type\":\"BreadcrumbList\",\"@id\":\"https:\/\/dypall.com\/country\/municipality-of-kolonje\/#breadcrumb\",\"itemListElement\":[{\"@type\":\"ListItem\",\"position\":1,\"name\":\"Home\",\"item\":\"https:\/\/dypall.com\/\"},{\"@type\":\"ListItem\",\"position\":2,\"name\":\"Municipality of Kolonj\u00eb\"}]},{\"@type\":\"WebSite\",\"@id\":\"https:\/\/dypall.com\/#website\",\"url\":\"https:\/\/dypall.com\/\",\"name\":\"DYPALL Network\",\"description\":\"We are a European network of civil society organisations, municipalities and research institutions dedicated to improving democracy through youth participation.\",\"potentialAction\":[{\"@type\":\"SearchAction\",\"target\":{\"@type\":\"EntryPoint\",\"urlTemplate\":\"https:\/\/dypall.com\/?s={search_term_string}\"},\"query-input\":\"required name=search_term_string\"}],\"inLanguage\":\"tr\"}]}<\/script>\n<!-- \/ Yoast SEO plugin. -->","yoast_head_json":{"title":"Municipality of Kolonj\u00eb - DYPALL Network","robots":{"index":"index","follow":"follow","max-snippet":"max-snippet:-1","max-image-preview":"max-image-preview:large","max-video-preview":"max-video-preview:-1"},"canonical":"https:\/\/dypall.com\/tr\/country\/municipality-of-kolonje\/","og_locale":"tr_TR","og_type":"article","og_title":"Municipality of Kolonj\u00eb - DYPALL Network","og_description":"The Municipality of Kolonj\u00eb is located in the southeastern region of Albania and has a total area of 864 km2. We currently have a total population of 17,898 inhabitants, spreading across 2 cities and 76 villages. We are primarily engaged in local governance and administration. Our main areas of focus include youth empowerment, urban planning,&hellip; Okumaya devam et Municipality of Kolonj\u00eb","og_url":"https:\/\/dypall.com\/tr\/country\/municipality-of-kolonje\/","og_site_name":"DYPALL Network","article_modified_time":"2024-10-01T13:35:57+00:00","og_image":[{"width":500,"height":500,"url":"https:\/\/dypall.com\/wp-content\/uploads\/2024\/09\/Design-sem-nome-31.png","type":"image\/png"}],"twitter_card":"summary_large_image","twitter_misc":{"Est. reading time":"1 dakika"},"schema":{"@context":"https:\/\/schema.org","@graph":[{"@type":"WebPage","@id":"https:\/\/dypall.com\/country\/municipality-of-kolonje\/","url":"https:\/\/dypall.com\/country\/municipality-of-kolonje\/","name":"Municipality of Kolonj\u00eb - DYPALL Network","isPartOf":{"@id":"https:\/\/dypall.com\/#website"},"primaryImageOfPage":{"@id":"https:\/\/dypall.com\/country\/municipality-of-kolonje\/#primaryimage"},"image":{"@id":"https:\/\/dypall.com\/country\/municipality-of-kolonje\/#primaryimage"},"thumbnailUrl":"https:\/\/dypall.com\/wp-content\/uploads\/2024\/09\/Design-sem-nome-31.png","datePublished":"2024-09-30T15:11:04+00:00","dateModified":"2024-10-01T13:35:57+00:00","breadcrumb":{"@id":"https:\/\/dypall.com\/country\/municipality-of-kolonje\/#breadcrumb"},"inLanguage":"tr","potentialAction":[{"@type":"ReadAction","target":["https:\/\/dypall.com\/country\/municipality-of-kolonje\/"]}]},{"@type":"ImageObject","inLanguage":"tr","@id":"https:\/\/dypall.com\/country\/municipality-of-kolonje\/#primaryimage","url":"https:\/\/dypall.com\/wp-content\/uploads\/2024\/09\/Design-sem-nome-31.png","contentUrl":"https:\/\/dypall.com\/wp-content\/uploads\/2024\/09\/Design-sem-nome-31.png","width":500,"height":500},{"@type":"BreadcrumbList","@id":"https:\/\/dypall.com\/country\/municipality-of-kolonje\/#breadcrumb","itemListElement":[{"@type":"ListItem","position":1,"name":"Home","item":"https:\/\/dypall.com\/"},{"@type":"ListItem","position":2,"name":"Municipality of Kolonj\u00eb"}]},{"@type":"WebSite","@id":"https:\/\/dypall.com\/#website","url":"https:\/\/dypall.com\/","name":"DYPALL Network","description":"We are a European network of civil society organisations, municipalities and research institutions dedicated to improving democracy through youth participation.","potentialAction":[{"@type":"SearchAction","target":{"@type":"EntryPoint","urlTemplate":"https:\/\/dypall.com\/?s={search_term_string}"},"query-input":"required name=search_term_string"}],"inLanguage":"tr"}]}},"jetpack_sharing_enabled":true,"_links":{"self":[{"href":"https:\/\/dypall.com\/tr\/wp-json\/wp\/v2\/country\/7771","targetHints":{"allow":["GET"]}}],"collection":[{"href":"https:\/\/dypall.com\/tr\/wp-json\/wp\/v2\/country"}],"about":[{"href":"https:\/\/dypall.com\/tr\/wp-json\/wp\/v2\/types\/country"}],"replies":[{"embeddable":true,"href":"https:\/\/dypall.com\/tr\/wp-json\/wp\/v2\/comments?post=7771"}],"wp:featuredmedia":[{"embeddable":true,"href":"https:\/\/dypall.com\/tr\/wp-json\/wp\/v2\/media\/7840"}],"wp:attachment":[{"href":"https:\/\/dypall.com\/tr\/wp-json\/wp\/v2\/media?parent=7771"}],"wp:term":[{"taxonomy":"country_category","embeddable":true,"href":"https:\/\/dypall.com\/tr\/wp-json\/wp\/v2\/country_category?post=7771"},{"taxonomy":"lavel","embeddable":true,"href":"https:\/\/dypall.com\/tr\/wp-json\/wp\/v2\/lavel?post=7771"},{"taxonomy":"profession","embeddable":true,"href":"https:\/\/dypall.com\/tr\/wp-json\/wp\/v2\/profession?post=7771"}],"curies":[{"name":"wp","href":"https:\/\/api.w.org\/{rel}","templated":true}]}}

Kolonjë Belediyesi

<p>Kolonjë Belediyesi Arnavutluk'un güneydoğu bölgesinde yer almaktadır ve toplam 864 km2 alana sahiptir. Şu anda 2 şehir ve 76 köye yayılan toplam 17.898 nüfusumuz var. Öncelikle yerel yönetim ve yönetimle ilgileniyoruz. Ana odak alanlarımız arasında gençlerin güçlendirilmesi, kentsel planlama, altyapı geliştirme, kamu hizmetleri, sosyal refah ve toplum katılımı yer almaktadır. Projelerle ilgili işbirlikleri için lütfen bizimle iletişime geçmekten çekinmeyin.</p>

<p>Kolonjë Belediyesi Arnavutluk'un güneydoğu bölgesinde yer almaktadır ve toplam 864 km2 alana sahiptir. Şu anda 2 şehir ve 76 köye yayılan toplam 17.898 nüfusumuz var. Öncelikle yerel yönetim ve yönetimle ilgileniyoruz. Ana odak alanlarımız arasında gençlerin güçlendirilmesi, kentsel planlama,... <a class="more-link" href="https://dypall.com/tr/country/municipality-of-kolonje/">Okumaya devam et <span class="screen-reader-text">Kolonjë Belediyesi</span></a></p>

<!-- This site is optimized with the Yoast SEO plugin v22.8 - https://yoast.com/wordpress/plugins/seo/ -->
<title>Municipality of Kolonjë - DYPALL Network</title>
<meta name="robots" content="index, follow, max-snippet:-1, max-image-preview:large, max-video-preview:-1" />
<link rel="canonical" href="https://dypall.com/tr/country/municipality-of-kolonje/" />
<meta property="og:locale" content="tr_TR" />
<meta property="og:type" content="article" />
<meta property="og:title" content="Municipality of Kolonjë - DYPALL Network" />
<meta property="og:description" content="The Municipality of Kolonjë is located in the southeastern region of Albania and has a total area of 864 km2. We currently have a total population of 17,898 inhabitants, spreading across 2 cities and 76 villages. We are primarily engaged in local governance and administration. Our main areas of focus include youth empowerment, urban planning,&hellip; Okumaya devam et Municipality of Kolonjë" />
<meta property="og:url" content="https://dypall.com/tr/country/municipality-of-kolonje/" />
<meta property="og:site_name" content="DYPALL Network" />
<meta property="article:modified_time" content="2024-10-01T13:35:57+00:00" />
<meta property="og:image" content="https://dypall.com/wp-content/uploads/2024/09/Design-sem-nome-31.png" />
	<meta property="og:image:width" content="500" />
	<meta property="og:image:height" content="500" />
	<meta property="og:image:type" content="image/png" />
<meta name="twitter:card" content="summary_large_image" />
<meta name="twitter:label1" content="Est. reading time" />
	<meta name="twitter:data1" content="1 dakika" />
<script type="application/ld+json" class="yoast-schema-graph">{"@context":"https://schema.org","@graph":[{"@type":"WebPage","@id":"https://dypall.com/country/municipality-of-kolonje/","url":"https://dypall.com/country/municipality-of-kolonje/","name":"Municipality of Kolonjë - DYPALL Network","isPartOf":{"@id":"https://dypall.com/#website"},"primaryImageOfPage":{"@id":"https://dypall.com/country/municipality-of-kolonje/#primaryimage"},"image":{"@id":"https://dypall.com/country/municipality-of-kolonje/#primaryimage"},"thumbnailUrl":"https://dypall.com/wp-content/uploads/2024/09/Design-sem-nome-31.png","datePublished":"2024-09-30T15:11:04+00:00","dateModified":"2024-10-01T13:35:57+00:00","breadcrumb":{"@id":"https://dypall.com/country/municipality-of-kolonje/#breadcrumb"},"inLanguage":"tr","potentialAction":[{"@type":"ReadAction","target":["https://dypall.com/country/municipality-of-kolonje/"]}]},{"@type":"ImageObject","inLanguage":"tr","@id":"https://dypall.com/country/municipality-of-kolonje/#primaryimage","url":"https://dypall.com/wp-content/uploads/2024/09/Design-sem-nome-31.png","contentUrl":"https://dypall.com/wp-content/uploads/2024/09/Design-sem-nome-31.png","width":500,"height":500},{"@type":"BreadcrumbList","@id":"https://dypall.com/country/municipality-of-kolonje/#breadcrumb","itemListElement":[{"@type":"ListItem","position":1,"name":"Home","item":"https://dypall.com/"},{"@type":"ListItem","position":2,"name":"Municipality of Kolonjë"}]},{"@type":"WebSite","@id":"https://dypall.com/#website","url":"https://dypall.com/","name":"DYPALL Network","description":"We are a European network of civil society organisations, municipalities and research institutions dedicated to improving democracy through youth participation.","potentialAction":[{"@type":"SearchAction","target":{"@type":"EntryPoint","urlTemplate":"https://dypall.com/?s={search_term_string}"},"query-input":"required name=search_term_string"}],"inLanguage":"tr"}]}</script>
<!-- / Yoast SEO plugin. -->

Municipality of Kolonjë - DYPALL Network

The Municipality of Kolonjë is located in the southeastern region of Albania and has a total area of 864 km2. We currently have a total population of 17,898 inhabitants, spreading across 2 cities and 76 villages. We are primarily engaged in local governance and administration. Our main areas of focus include youth empowerment, urban planning,&hellip; Okumaya devam et Municipality of Kolonjë

Municipality of Kolonjë
