{"id":8554,"date":"2025-09-29T09:38:12","date_gmt":"2025-09-29T09:38:12","guid":{"rendered":"https:\/\/dypall.com\/?post_type=country&#038;p=8554"},"modified":"2025-09-29T09:38:14","modified_gmt":"2025-09-29T09:38:14","slug":"center-for-youth-activism-cya-krik","status":"publish","type":"country","link":"https:\/\/dypall.com\/ro\/country\/center-for-youth-activism-cya-krik\/","title":{"rendered":"Centrul pentru Activismul Tinerilor CYA Krik"},"content":{"rendered":"<p>Centrul pentru activismul tinerilor KRIK este o organiza\u021bie non-guvernamental\u0103 al c\u0103rei scop principal este includerea persoanelor cu dizabilit\u0103\u021bi \u00een societate. Viziunea acestei organiza\u021bii este de a fi vocea tinerilor care se vor face auzi\u021bi \u0219i vor aduce schimb\u0103ri \u0219i contribu\u021bii \u00een societate, precum \u0219i de a lucra pentru bun\u0103starea grupurilor excluse din punct de vedere social. KRIK se str\u0103duie\u0219te s\u0103 \u00eencurajeze o mai mare participare a tinerilor, activismul tinerilor \u0219i, cel mai important, s\u0103 promoveze incluziunea social\u0103 pentru persoanele cu dizabilit\u0103\u021bi.<\/p>\n\n\n\n<p><\/p>","protected":false},"excerpt":{"rendered":"<p>Centrul pentru activismul tinerilor KRIK este o organiza\u021bie non-guvernamental\u0103 al c\u0103rei scop principal este includerea persoanelor cu dizabilit\u0103\u021bi \u00een societate. Viziunea acestei organiza\u021bii este de a fi vocea tinerilor care vor fi auzi\u021bi \u0219i vor face schimb\u0103ri \u0219i contribu\u021bii \u00een societate, precum \u0219i de a lucra pentru bun\u0103starea societ\u0103\u021bii. <a class=\"more-link\" href=\"https:\/\/dypall.com\/ro\/country\/center-for-youth-activism-cya-krik\/\">Continu\u0103 lectura <span class=\"screen-reader-text\">Centrul pentru Activismul Tinerilor CYA Krik<\/span><\/a><\/p>","protected":false},"featured_media":8555,"parent":0,"menu_order":0,"comment_status":"closed","ping_status":"open","template":"","format":"standard","meta":{"_acf_changed":true},"country_category":[217],"lavel":[50],"profession":[51],"class_list":["post-8554","country","type-country","status-publish","format-standard","has-post-thumbnail","hentry","country_category-north-macedonia","lavel-senior","profession-civil-society-organizations","entry"],"acf":[],"yoast_head":"<!-- This site is optimized with the Yoast SEO plugin v22.8 - https:\/\/yoast.com\/wordpress\/plugins\/seo\/ -->\n<title>Center for Youth Activism CYA Krik - DYPALL Network<\/title>\n<meta name=\"robots\" content=\"index, follow, max-snippet:-1, max-image-preview:large, max-video-preview:-1\" \/>\n<link rel=\"canonical\" href=\"https:\/\/dypall.com\/ro\/country\/center-for-youth-activism-cya-krik\/\" \/>\n<meta property=\"og:locale\" content=\"ro_RO\" \/>\n<meta property=\"og:type\" content=\"article\" \/>\n<meta property=\"og:title\" content=\"Center for Youth Activism CYA Krik - DYPALL Network\" \/>\n<meta property=\"og:description\" content=\"Center for youth activism KRIK is non-governmental organization whose main goal is including the people with dissabilities in the society. The vision of this organization is to be the voice of the youth that will be heard and will make changes and contributions in the society as well as working for the well-being of the&hellip; Continu\u0103 lectura Center for Youth Activism CYA Krik\" \/>\n<meta property=\"og:url\" content=\"https:\/\/dypall.com\/ro\/country\/center-for-youth-activism-cya-krik\/\" \/>\n<meta property=\"og:site_name\" content=\"DYPALL Network\" \/>\n<meta property=\"article:modified_time\" content=\"2025-09-29T09:38:14+00:00\" \/>\n<meta property=\"og:image\" content=\"https:\/\/dypall.com\/wp-content\/uploads\/2025\/09\/Krik-logo-Krik-Sending.jpg\" \/>\n\t<meta property=\"og:image:width\" content=\"1080\" \/>\n\t<meta property=\"og:image:height\" content=\"1080\" \/>\n\t<meta property=\"og:image:type\" content=\"image\/jpeg\" \/>\n<meta name=\"twitter:card\" content=\"summary_large_image\" \/>\n<meta name=\"twitter:label1\" content=\"Est. reading time\" \/>\n\t<meta name=\"twitter:data1\" content=\"1 minut\" \/>\n<script type=\"application\/ld+json\" class=\"yoast-schema-graph\">{\"@context\":\"https:\/\/schema.org\",\"@graph\":[{\"@type\":\"WebPage\",\"@id\":\"https:\/\/dypall.com\/country\/center-for-youth-activism-cya-krik\/\",\"url\":\"https:\/\/dypall.com\/country\/center-for-youth-activism-cya-krik\/\",\"name\":\"Center for Youth Activism CYA Krik - DYPALL Network\",\"isPartOf\":{\"@id\":\"https:\/\/dypall.com\/#website\"},\"primaryImageOfPage\":{\"@id\":\"https:\/\/dypall.com\/country\/center-for-youth-activism-cya-krik\/#primaryimage\"},\"image\":{\"@id\":\"https:\/\/dypall.com\/country\/center-for-youth-activism-cya-krik\/#primaryimage\"},\"thumbnailUrl\":\"https:\/\/dypall.com\/wp-content\/uploads\/2025\/09\/Krik-logo-Krik-Sending.jpg\",\"datePublished\":\"2025-09-29T09:38:12+00:00\",\"dateModified\":\"2025-09-29T09:38:14+00:00\",\"breadcrumb\":{\"@id\":\"https:\/\/dypall.com\/country\/center-for-youth-activism-cya-krik\/#breadcrumb\"},\"inLanguage\":\"ro-RO\",\"potentialAction\":[{\"@type\":\"ReadAction\",\"target\":[\"https:\/\/dypall.com\/country\/center-for-youth-activism-cya-krik\/\"]}]},{\"@type\":\"ImageObject\",\"inLanguage\":\"ro-RO\",\"@id\":\"https:\/\/dypall.com\/country\/center-for-youth-activism-cya-krik\/#primaryimage\",\"url\":\"https:\/\/dypall.com\/wp-content\/uploads\/2025\/09\/Krik-logo-Krik-Sending.jpg\",\"contentUrl\":\"https:\/\/dypall.com\/wp-content\/uploads\/2025\/09\/Krik-logo-Krik-Sending.jpg\",\"width\":1080,\"height\":1080},{\"@type\":\"BreadcrumbList\",\"@id\":\"https:\/\/dypall.com\/country\/center-for-youth-activism-cya-krik\/#breadcrumb\",\"itemListElement\":[{\"@type\":\"ListItem\",\"position\":1,\"name\":\"Home\",\"item\":\"https:\/\/dypall.com\/\"},{\"@type\":\"ListItem\",\"position\":2,\"name\":\"Center for Youth Activism CYA Krik\"}]},{\"@type\":\"WebSite\",\"@id\":\"https:\/\/dypall.com\/#website\",\"url\":\"https:\/\/dypall.com\/\",\"name\":\"DYPALL Network\",\"description\":\"We are a European network of civil society organisations, municipalities and research institutions dedicated to improving democracy through youth participation.\",\"potentialAction\":[{\"@type\":\"SearchAction\",\"target\":{\"@type\":\"EntryPoint\",\"urlTemplate\":\"https:\/\/dypall.com\/?s={search_term_string}\"},\"query-input\":\"required name=search_term_string\"}],\"inLanguage\":\"ro-RO\"}]}<\/script>\n<!-- \/ Yoast SEO plugin. -->","yoast_head_json":{"title":"Center for Youth Activism CYA Krik - DYPALL Network","robots":{"index":"index","follow":"follow","max-snippet":"max-snippet:-1","max-image-preview":"max-image-preview:large","max-video-preview":"max-video-preview:-1"},"canonical":"https:\/\/dypall.com\/ro\/country\/center-for-youth-activism-cya-krik\/","og_locale":"ro_RO","og_type":"article","og_title":"Center for Youth Activism CYA Krik - DYPALL Network","og_description":"Center for youth activism KRIK is non-governmental organization whose main goal is including the people with dissabilities in the society. The vision of this organization is to be the voice of the youth that will be heard and will make changes and contributions in the society as well as working for the well-being of the&hellip; Continu\u0103 lectura Center for Youth Activism CYA Krik","og_url":"https:\/\/dypall.com\/ro\/country\/center-for-youth-activism-cya-krik\/","og_site_name":"DYPALL Network","article_modified_time":"2025-09-29T09:38:14+00:00","og_image":[{"width":1080,"height":1080,"url":"https:\/\/dypall.com\/wp-content\/uploads\/2025\/09\/Krik-logo-Krik-Sending.jpg","type":"image\/jpeg"}],"twitter_card":"summary_large_image","twitter_misc":{"Est. reading time":"1 minut"},"schema":{"@context":"https:\/\/schema.org","@graph":[{"@type":"WebPage","@id":"https:\/\/dypall.com\/country\/center-for-youth-activism-cya-krik\/","url":"https:\/\/dypall.com\/country\/center-for-youth-activism-cya-krik\/","name":"Center for Youth Activism CYA Krik - DYPALL Network","isPartOf":{"@id":"https:\/\/dypall.com\/#website"},"primaryImageOfPage":{"@id":"https:\/\/dypall.com\/country\/center-for-youth-activism-cya-krik\/#primaryimage"},"image":{"@id":"https:\/\/dypall.com\/country\/center-for-youth-activism-cya-krik\/#primaryimage"},"thumbnailUrl":"https:\/\/dypall.com\/wp-content\/uploads\/2025\/09\/Krik-logo-Krik-Sending.jpg","datePublished":"2025-09-29T09:38:12+00:00","dateModified":"2025-09-29T09:38:14+00:00","breadcrumb":{"@id":"https:\/\/dypall.com\/country\/center-for-youth-activism-cya-krik\/#breadcrumb"},"inLanguage":"ro-RO","potentialAction":[{"@type":"ReadAction","target":["https:\/\/dypall.com\/country\/center-for-youth-activism-cya-krik\/"]}]},{"@type":"ImageObject","inLanguage":"ro-RO","@id":"https:\/\/dypall.com\/country\/center-for-youth-activism-cya-krik\/#primaryimage","url":"https:\/\/dypall.com\/wp-content\/uploads\/2025\/09\/Krik-logo-Krik-Sending.jpg","contentUrl":"https:\/\/dypall.com\/wp-content\/uploads\/2025\/09\/Krik-logo-Krik-Sending.jpg","width":1080,"height":1080},{"@type":"BreadcrumbList","@id":"https:\/\/dypall.com\/country\/center-for-youth-activism-cya-krik\/#breadcrumb","itemListElement":[{"@type":"ListItem","position":1,"name":"Home","item":"https:\/\/dypall.com\/"},{"@type":"ListItem","position":2,"name":"Center for Youth Activism CYA Krik"}]},{"@type":"WebSite","@id":"https:\/\/dypall.com\/#website","url":"https:\/\/dypall.com\/","name":"DYPALL Network","description":"We are a European network of civil society organisations, municipalities and research institutions dedicated to improving democracy through youth participation.","potentialAction":[{"@type":"SearchAction","target":{"@type":"EntryPoint","urlTemplate":"https:\/\/dypall.com\/?s={search_term_string}"},"query-input":"required name=search_term_string"}],"inLanguage":"ro-RO"}]}},"jetpack_sharing_enabled":true,"_links":{"self":[{"href":"https:\/\/dypall.com\/ro\/wp-json\/wp\/v2\/country\/8554","targetHints":{"allow":["GET"]}}],"collection":[{"href":"https:\/\/dypall.com\/ro\/wp-json\/wp\/v2\/country"}],"about":[{"href":"https:\/\/dypall.com\/ro\/wp-json\/wp\/v2\/types\/country"}],"replies":[{"embeddable":true,"href":"https:\/\/dypall.com\/ro\/wp-json\/wp\/v2\/comments?post=8554"}],"wp:featuredmedia":[{"embeddable":true,"href":"https:\/\/dypall.com\/ro\/wp-json\/wp\/v2\/media\/8555"}],"wp:attachment":[{"href":"https:\/\/dypall.com\/ro\/wp-json\/wp\/v2\/media?parent=8554"}],"wp:term":[{"taxonomy":"country_category","embeddable":true,"href":"https:\/\/dypall.com\/ro\/wp-json\/wp\/v2\/country_category?post=8554"},{"taxonomy":"lavel","embeddable":true,"href":"https:\/\/dypall.com\/ro\/wp-json\/wp\/v2\/lavel?post=8554"},{"taxonomy":"profession","embeddable":true,"href":"https:\/\/dypall.com\/ro\/wp-json\/wp\/v2\/profession?post=8554"}],"curies":[{"name":"wp","href":"https:\/\/api.w.org\/{rel}","templated":true}]}}

<p>Centrul pentru activismul tinerilor KRIK este o organizație non-guvernamentală al cărei scop principal este includerea persoanelor cu dizabilități în societate. Viziunea acestei organizații este de a fi vocea tinerilor care se vor face auziți și vor aduce schimbări și contribuții în societate, precum și de a lucra pentru bunăstarea grupurilor excluse din punct de vedere social. KRIK se străduiește să încurajeze o mai mare participare a tinerilor, activismul tinerilor și, cel mai important, să promoveze incluziunea socială pentru persoanele cu dizabilități.</p>



<p></p>

<p>Centrul pentru activismul tinerilor KRIK este o organizație non-guvernamentală al cărei scop principal este includerea persoanelor cu dizabilități în societate. Viziunea acestei organizații este de a fi vocea tinerilor care vor fi auziți și vor face schimbări și contribuții în societate, precum și de a lucra pentru bunăstarea societății. <a class="more-link" href="https://dypall.com/ro/country/center-for-youth-activism-cya-krik/">Continuă lectura <span class="screen-reader-text">Centrul pentru Activismul Tinerilor CYA Krik</span></a></p>

<!-- This site is optimized with the Yoast SEO plugin v22.8 - https://yoast.com/wordpress/plugins/seo/ -->
<title>Center for Youth Activism CYA Krik - DYPALL Network</title>
<meta name="robots" content="index, follow, max-snippet:-1, max-image-preview:large, max-video-preview:-1" />
<link rel="canonical" href="https://dypall.com/ro/country/center-for-youth-activism-cya-krik/" />
<meta property="og:locale" content="ro_RO" />
<meta property="og:type" content="article" />
<meta property="og:title" content="Center for Youth Activism CYA Krik - DYPALL Network" />
<meta property="og:description" content="Center for youth activism KRIK is non-governmental organization whose main goal is including the people with dissabilities in the society. The vision of this organization is to be the voice of the youth that will be heard and will make changes and contributions in the society as well as working for the well-being of the&hellip; Continuă lectura Center for Youth Activism CYA Krik" />
<meta property="og:url" content="https://dypall.com/ro/country/center-for-youth-activism-cya-krik/" />
<meta property="og:site_name" content="DYPALL Network" />
<meta property="article:modified_time" content="2025-09-29T09:38:14+00:00" />
<meta property="og:image" content="https://dypall.com/wp-content/uploads/2025/09/Krik-logo-Krik-Sending.jpg" />
	<meta property="og:image:width" content="1080" />
	<meta property="og:image:height" content="1080" />
	<meta property="og:image:type" content="image/jpeg" />
<meta name="twitter:card" content="summary_large_image" />
<meta name="twitter:label1" content="Est. reading time" />
	<meta name="twitter:data1" content="1 minut" />
<script type="application/ld+json" class="yoast-schema-graph">{"@context":"https://schema.org","@graph":[{"@type":"WebPage","@id":"https://dypall.com/country/center-for-youth-activism-cya-krik/","url":"https://dypall.com/country/center-for-youth-activism-cya-krik/","name":"Center for Youth Activism CYA Krik - DYPALL Network","isPartOf":{"@id":"https://dypall.com/#website"},"primaryImageOfPage":{"@id":"https://dypall.com/country/center-for-youth-activism-cya-krik/#primaryimage"},"image":{"@id":"https://dypall.com/country/center-for-youth-activism-cya-krik/#primaryimage"},"thumbnailUrl":"https://dypall.com/wp-content/uploads/2025/09/Krik-logo-Krik-Sending.jpg","datePublished":"2025-09-29T09:38:12+00:00","dateModified":"2025-09-29T09:38:14+00:00","breadcrumb":{"@id":"https://dypall.com/country/center-for-youth-activism-cya-krik/#breadcrumb"},"inLanguage":"ro-RO","potentialAction":[{"@type":"ReadAction","target":["https://dypall.com/country/center-for-youth-activism-cya-krik/"]}]},{"@type":"ImageObject","inLanguage":"ro-RO","@id":"https://dypall.com/country/center-for-youth-activism-cya-krik/#primaryimage","url":"https://dypall.com/wp-content/uploads/2025/09/Krik-logo-Krik-Sending.jpg","contentUrl":"https://dypall.com/wp-content/uploads/2025/09/Krik-logo-Krik-Sending.jpg","width":1080,"height":1080},{"@type":"BreadcrumbList","@id":"https://dypall.com/country/center-for-youth-activism-cya-krik/#breadcrumb","itemListElement":[{"@type":"ListItem","position":1,"name":"Home","item":"https://dypall.com/"},{"@type":"ListItem","position":2,"name":"Center for Youth Activism CYA Krik"}]},{"@type":"WebSite","@id":"https://dypall.com/#website","url":"https://dypall.com/","name":"DYPALL Network","description":"We are a European network of civil society organisations, municipalities and research institutions dedicated to improving democracy through youth participation.","potentialAction":[{"@type":"SearchAction","target":{"@type":"EntryPoint","urlTemplate":"https://dypall.com/?s={search_term_string}"},"query-input":"required name=search_term_string"}],"inLanguage":"ro-RO"}]}</script>
<!-- / Yoast SEO plugin. -->

Center for youth activism KRIK is non-governmental organization whose main goal is including the people with dissabilities in the society. The vision of this organization is to be the voice of the youth that will be heard and will make changes and contributions in the society as well as working for the well-being of the&hellip; Continuă lectura Center for Youth Activism CYA Krik
