{"version":"1.0","provider_name":"Re\u021beaua DYPALL","provider_url":"https:\/\/dypall.com\/ro","author_name":"DYPALL Network","author_url":"https:\/\/dypall.com\/ro\/author\/dypall\/","title":"Official opening of Cascais European Youth Capital 2018 - DYPALL Network","type":"rich","width":600,"height":338,"html":"<blockquote class=\"wp-embedded-content\" data-secret=\"tLuUARfK12\"><a href=\"https:\/\/dypall.com\/ro\/calls\/offical-opening-of-cascais-european-youth-capital-2018\/\">Deschiderea oficial\u0103 a Capitalei Europene a Tineretului Cascais 2018<\/a><\/blockquote><iframe sandbox=\"allow-scripts\" security=\"restricted\" src=\"https:\/\/dypall.com\/ro\/calls\/offical-opening-of-cascais-european-youth-capital-2018\/embed\/#?secret=tLuUARfK12\" width=\"600\" height=\"338\" title=\"&#8222;Official opening of Cascais European Youth Capital 2018&#8221; &#8211; DYPALL Network\" data-secret=\"tLuUARfK12\" frameborder=\"0\" marginwidth=\"0\" marginheight=\"0\" scrolling=\"no\" class=\"wp-embedded-content\"><\/iframe><script>\n\/*! This file is auto-generated *\/\n!function(d,l){\"use strict\";l.querySelector&&d.addEventListener&&\"undefined\"!=typeof URL&&(d.wp=d.wp||{},d.wp.receiveEmbedMessage||(d.wp.receiveEmbedMessage=function(e){var t=e.data;if((t||t.secret||t.message||t.value)&&!\/[^a-zA-Z0-9]\/.test(t.secret)){for(var s,r,n,a=l.querySelectorAll('iframe[data-secret=\"'+t.secret+'\"]'),o=l.querySelectorAll('blockquote[data-secret=\"'+t.secret+'\"]'),c=new RegExp(\"^https?:$\",\"i\"),i=0;i<o.length;i++)o[i].style.display=\"none\";for(i=0;i<a.length;i++)s=a[i],e.source===s.contentWindow&&(s.removeAttribute(\"style\"),\"height\"===t.message?(1e3<(r=parseInt(t.value,10))?r=1e3:~~r<200&&(r=200),s.height=r):\"link\"===t.message&&(r=new URL(s.getAttribute(\"src\")),n=new URL(t.value),c.test(n.protocol))&&n.host===r.host&&l.activeElement===s&&(d.top.location.href=t.value))}},d.addEventListener(\"message\",d.wp.receiveEmbedMessage,!1),l.addEventListener(\"DOMContentLoaded\",function(){for(var e,t,s=l.querySelectorAll(\"iframe.wp-embedded-content\"),r=0;r<s.length;r++)(t=(e=s[r]).getAttribute(\"data-secret\"))||(t=Math.random().toString(36).substring(2,12),e.src+=\"#?secret=\"+t,e.setAttribute(\"data-secret\",t)),e.contentWindow.postMessage({message:\"ready\",secret:t},\"*\")},!1)))}(window,document);\n\/\/# sourceURL=https:\/\/dypall.com\/wp-includes\/js\/wp-embed.min.js\n<\/script>","thumbnail_url":null,"thumbnail_width":null,"thumbnail_height":null,"description":"Cascais European Youth Capital 2018 was officially open on 23rd January. The ceremony took place in Estoril Congress Centre and it counted on high level representatives from the Cascais Municipality, the Portuguese Government and the national and international Civil Society Organizations. Addressing the audience were the European Youth Capital\u2019s Envoy from Cascais Muncipality, Catarina Marques&hellip; Continu\u0103 lectura F\u0103r\u0103 titlu"}

Rețeaua DYPALL

<blockquote class="wp-embedded-content" data-secret="tLuUARfK12"><a href="https://dypall.com/ro/calls/offical-opening-of-cascais-european-youth-capital-2018/">Deschiderea oficială a Capitalei Europene a Tineretului Cascais 2018</a></blockquote><iframe sandbox="allow-scripts" security="restricted" src="https://dypall.com/ro/calls/offical-opening-of-cascais-european-youth-capital-2018/embed/#?secret=tLuUARfK12" width="600" height="338" title="&#8222;Official opening of Cascais European Youth Capital 2018&#8221; &#8211; DYPALL Network" data-secret="tLuUARfK12" frameborder="0" marginwidth="0" marginheight="0" scrolling="no" class="wp-embedded-content"></iframe><script>
/*! This file is auto-generated */
!function(d,l){"use strict";l.querySelector&&d.addEventListener&&"undefined"!=typeof URL&&(d.wp=d.wp||{},d.wp.receiveEmbedMessage||(d.wp.receiveEmbedMessage=function(e){var t=e.data;if((t||t.secret||t.message||t.value)&&!/[^a-zA-Z0-9]/.test(t.secret)){for(var s,r,n,a=l.querySelectorAll('iframe[data-secret="'+t.secret+'"]'),o=l.querySelectorAll('blockquote[data-secret="'+t.secret+'"]'),c=new RegExp("^https?:$","i"),i=0;i<o.length;i++)o[i].style.display="none";for(i=0;i<a.length;i++)s=a[i],e.source===s.contentWindow&&(s.removeAttribute("style"),"height"===t.message?(1e3<(r=parseInt(t.value,10))?r=1e3:~~r<200&&(r=200),s.height=r):"link"===t.message&&(r=new URL(s.getAttribute("src")),n=new URL(t.value),c.test(n.protocol))&&n.host===r.host&&l.activeElement===s&&(d.top.location.href=t.value))}},d.addEventListener("message",d.wp.receiveEmbedMessage,!1),l.addEventListener("DOMContentLoaded",function(){for(var e,t,s=l.querySelectorAll("iframe.wp-embedded-content"),r=0;r<s.length;r++)(t=(e=s[r]).getAttribute("data-secret"))||(t=Math.random().toString(36).substring(2,12),e.src+="#?secret="+t,e.setAttribute("data-secret",t)),e.contentWindow.postMessage({message:"ready",secret:t},"*")},!1)))}(window,document);
//# sourceURL=https://dypall.com/wp-includes/js/wp-embed.min.js
</script>

Cascais European Youth Capital 2018 was officially open on 23rd January. The ceremony took place in Estoril Congress Centre and it counted on high level representatives from the Cascais Municipality, the Portuguese Government and the national and international Civil Society Organizations. Addressing the audience were the European Youth Capital’s Envoy from Cascais Muncipality, Catarina Marques&hellip; Continuă lectura Fără titlu
