{"id":7771,"date":"2024-09-30T15:11:04","date_gmt":"2024-09-30T15:11:04","guid":{"rendered":"https:\/\/dypall.com\/?post_type=country&#038;p=7771"},"modified":"2024-10-01T13:35:57","modified_gmt":"2024-10-01T13:35:57","slug":"municipality-of-kolonje","status":"publish","type":"country","link":"https:\/\/dypall.com\/pl\/country\/municipality-of-kolonje\/","title":{"rendered":"Gmina Kolonja"},"content":{"rendered":"<p>Gmina Kolonja znajduje si\u0119 w po\u0142udniowo-wschodnim regionie Albanii i ma \u0142\u0105czn\u0105 powierzchni\u0119 864 km2. Obecnie liczymy 17 898 mieszka\u0144c\u00f3w, rozsianych po 2 miastach i 76 wsiach. Zajmujemy si\u0119 przede wszystkim zarz\u0105dzaniem i administracj\u0105 lokaln\u0105. Nasze g\u0142\u00f3wne obszary zainteresowania obejmuj\u0105 wzmocnienie pozycji m\u0142odzie\u017cy, urbanistyk\u0119, rozw\u00f3j infrastruktury, us\u0142ugi publiczne, opiek\u0119 spo\u0142eczn\u0105 i zaanga\u017cowanie spo\u0142eczno\u015bci. Zapraszamy do kontaktu w sprawie wsp\u00f3\u0142pracy przy projektach.<\/p>","protected":false},"excerpt":{"rendered":"<p>Gmina Kolonja znajduje si\u0119 w po\u0142udniowo-wschodnim regionie Albanii i ma \u0142\u0105czn\u0105 powierzchni\u0119 864 km2. Obecnie liczymy 17 898 mieszka\u0144c\u00f3w, rozsianych po 2 miastach i 76 wsiach. Zajmujemy si\u0119 przede wszystkim zarz\u0105dzaniem i administracj\u0105 lokaln\u0105. Nasze g\u0142\u00f3wne obszary zainteresowania to upodmiotowienie m\u0142odzie\u017cy, urbanistyka,... <a class=\"more-link\" href=\"https:\/\/dypall.com\/pl\/country\/municipality-of-kolonje\/\">Czytaj dalej <span class=\"screen-reader-text\">Gmina Kolonja<\/span><\/a><\/p>","protected":false},"featured_media":7840,"parent":0,"menu_order":0,"comment_status":"open","ping_status":"open","template":"","format":"standard","meta":{"_acf_changed":true},"country_category":[221],"lavel":[49],"profession":[52],"class_list":["post-7771","country","type-country","status-publish","format-standard","has-post-thumbnail","hentry","country_category-albania","lavel-basic","profession-local-authorities","entry"],"acf":[],"yoast_head":"<!-- This site is optimized with the Yoast SEO plugin v22.8 - https:\/\/yoast.com\/wordpress\/plugins\/seo\/ -->\n<title>Municipality of Kolonj\u00eb - DYPALL Network<\/title>\n<meta name=\"robots\" content=\"index, follow, max-snippet:-1, max-image-preview:large, max-video-preview:-1\" \/>\n<link rel=\"canonical\" href=\"https:\/\/dypall.com\/pl\/country\/municipality-of-kolonje\/\" \/>\n<meta property=\"og:locale\" content=\"pl_PL\" \/>\n<meta property=\"og:type\" content=\"article\" \/>\n<meta property=\"og:title\" content=\"Municipality of Kolonj\u00eb - DYPALL Network\" \/>\n<meta property=\"og:description\" content=\"The Municipality of Kolonj\u00eb is located in the southeastern region of Albania and has a total area of 864 km2. We currently have a total population of 17,898 inhabitants, spreading across 2 cities and 76 villages. We are primarily engaged in local governance and administration. Our main areas of focus include youth empowerment, urban planning,&hellip; Czytaj dalej Municipality of Kolonj\u00eb\" \/>\n<meta property=\"og:url\" content=\"https:\/\/dypall.com\/pl\/country\/municipality-of-kolonje\/\" \/>\n<meta property=\"og:site_name\" content=\"DYPALL Network\" \/>\n<meta property=\"article:modified_time\" content=\"2024-10-01T13:35:57+00:00\" \/>\n<meta property=\"og:image\" content=\"https:\/\/dypall.com\/wp-content\/uploads\/2024\/09\/Design-sem-nome-31.png\" \/>\n\t<meta property=\"og:image:width\" content=\"500\" \/>\n\t<meta property=\"og:image:height\" content=\"500\" \/>\n\t<meta property=\"og:image:type\" content=\"image\/png\" \/>\n<meta name=\"twitter:card\" content=\"summary_large_image\" \/>\n<meta name=\"twitter:label1\" content=\"Est. reading time\" \/>\n\t<meta name=\"twitter:data1\" content=\"1 minuta\" \/>\n<script type=\"application\/ld+json\" class=\"yoast-schema-graph\">{\"@context\":\"https:\/\/schema.org\",\"@graph\":[{\"@type\":\"WebPage\",\"@id\":\"https:\/\/dypall.com\/country\/municipality-of-kolonje\/\",\"url\":\"https:\/\/dypall.com\/country\/municipality-of-kolonje\/\",\"name\":\"Municipality of Kolonj\u00eb - DYPALL Network\",\"isPartOf\":{\"@id\":\"https:\/\/dypall.com\/#website\"},\"primaryImageOfPage\":{\"@id\":\"https:\/\/dypall.com\/country\/municipality-of-kolonje\/#primaryimage\"},\"image\":{\"@id\":\"https:\/\/dypall.com\/country\/municipality-of-kolonje\/#primaryimage\"},\"thumbnailUrl\":\"https:\/\/dypall.com\/wp-content\/uploads\/2024\/09\/Design-sem-nome-31.png\",\"datePublished\":\"2024-09-30T15:11:04+00:00\",\"dateModified\":\"2024-10-01T13:35:57+00:00\",\"breadcrumb\":{\"@id\":\"https:\/\/dypall.com\/country\/municipality-of-kolonje\/#breadcrumb\"},\"inLanguage\":\"pl-PL\",\"potentialAction\":[{\"@type\":\"ReadAction\",\"target\":[\"https:\/\/dypall.com\/country\/municipality-of-kolonje\/\"]}]},{\"@type\":\"ImageObject\",\"inLanguage\":\"pl-PL\",\"@id\":\"https:\/\/dypall.com\/country\/municipality-of-kolonje\/#primaryimage\",\"url\":\"https:\/\/dypall.com\/wp-content\/uploads\/2024\/09\/Design-sem-nome-31.png\",\"contentUrl\":\"https:\/\/dypall.com\/wp-content\/uploads\/2024\/09\/Design-sem-nome-31.png\",\"width\":500,\"height\":500},{\"@type\":\"BreadcrumbList\",\"@id\":\"https:\/\/dypall.com\/country\/municipality-of-kolonje\/#breadcrumb\",\"itemListElement\":[{\"@type\":\"ListItem\",\"position\":1,\"name\":\"Home\",\"item\":\"https:\/\/dypall.com\/\"},{\"@type\":\"ListItem\",\"position\":2,\"name\":\"Municipality of Kolonj\u00eb\"}]},{\"@type\":\"WebSite\",\"@id\":\"https:\/\/dypall.com\/#website\",\"url\":\"https:\/\/dypall.com\/\",\"name\":\"DYPALL Network\",\"description\":\"We are a European network of civil society organisations, municipalities and research institutions dedicated to improving democracy through youth participation.\",\"potentialAction\":[{\"@type\":\"SearchAction\",\"target\":{\"@type\":\"EntryPoint\",\"urlTemplate\":\"https:\/\/dypall.com\/?s={search_term_string}\"},\"query-input\":\"required name=search_term_string\"}],\"inLanguage\":\"pl-PL\"}]}<\/script>\n<!-- \/ Yoast SEO plugin. -->","yoast_head_json":{"title":"Municipality of Kolonj\u00eb - DYPALL Network","robots":{"index":"index","follow":"follow","max-snippet":"max-snippet:-1","max-image-preview":"max-image-preview:large","max-video-preview":"max-video-preview:-1"},"canonical":"https:\/\/dypall.com\/pl\/country\/municipality-of-kolonje\/","og_locale":"pl_PL","og_type":"article","og_title":"Municipality of Kolonj\u00eb - DYPALL Network","og_description":"The Municipality of Kolonj\u00eb is located in the southeastern region of Albania and has a total area of 864 km2. We currently have a total population of 17,898 inhabitants, spreading across 2 cities and 76 villages. We are primarily engaged in local governance and administration. Our main areas of focus include youth empowerment, urban planning,&hellip; Czytaj dalej Municipality of Kolonj\u00eb","og_url":"https:\/\/dypall.com\/pl\/country\/municipality-of-kolonje\/","og_site_name":"DYPALL Network","article_modified_time":"2024-10-01T13:35:57+00:00","og_image":[{"width":500,"height":500,"url":"https:\/\/dypall.com\/wp-content\/uploads\/2024\/09\/Design-sem-nome-31.png","type":"image\/png"}],"twitter_card":"summary_large_image","twitter_misc":{"Est. reading time":"1 minuta"},"schema":{"@context":"https:\/\/schema.org","@graph":[{"@type":"WebPage","@id":"https:\/\/dypall.com\/country\/municipality-of-kolonje\/","url":"https:\/\/dypall.com\/country\/municipality-of-kolonje\/","name":"Municipality of Kolonj\u00eb - DYPALL Network","isPartOf":{"@id":"https:\/\/dypall.com\/#website"},"primaryImageOfPage":{"@id":"https:\/\/dypall.com\/country\/municipality-of-kolonje\/#primaryimage"},"image":{"@id":"https:\/\/dypall.com\/country\/municipality-of-kolonje\/#primaryimage"},"thumbnailUrl":"https:\/\/dypall.com\/wp-content\/uploads\/2024\/09\/Design-sem-nome-31.png","datePublished":"2024-09-30T15:11:04+00:00","dateModified":"2024-10-01T13:35:57+00:00","breadcrumb":{"@id":"https:\/\/dypall.com\/country\/municipality-of-kolonje\/#breadcrumb"},"inLanguage":"pl-PL","potentialAction":[{"@type":"ReadAction","target":["https:\/\/dypall.com\/country\/municipality-of-kolonje\/"]}]},{"@type":"ImageObject","inLanguage":"pl-PL","@id":"https:\/\/dypall.com\/country\/municipality-of-kolonje\/#primaryimage","url":"https:\/\/dypall.com\/wp-content\/uploads\/2024\/09\/Design-sem-nome-31.png","contentUrl":"https:\/\/dypall.com\/wp-content\/uploads\/2024\/09\/Design-sem-nome-31.png","width":500,"height":500},{"@type":"BreadcrumbList","@id":"https:\/\/dypall.com\/country\/municipality-of-kolonje\/#breadcrumb","itemListElement":[{"@type":"ListItem","position":1,"name":"Home","item":"https:\/\/dypall.com\/"},{"@type":"ListItem","position":2,"name":"Municipality of Kolonj\u00eb"}]},{"@type":"WebSite","@id":"https:\/\/dypall.com\/#website","url":"https:\/\/dypall.com\/","name":"DYPALL Network","description":"We are a European network of civil society organisations, municipalities and research institutions dedicated to improving democracy through youth participation.","potentialAction":[{"@type":"SearchAction","target":{"@type":"EntryPoint","urlTemplate":"https:\/\/dypall.com\/?s={search_term_string}"},"query-input":"required name=search_term_string"}],"inLanguage":"pl-PL"}]}},"jetpack_sharing_enabled":true,"_links":{"self":[{"href":"https:\/\/dypall.com\/pl\/wp-json\/wp\/v2\/country\/7771","targetHints":{"allow":["GET"]}}],"collection":[{"href":"https:\/\/dypall.com\/pl\/wp-json\/wp\/v2\/country"}],"about":[{"href":"https:\/\/dypall.com\/pl\/wp-json\/wp\/v2\/types\/country"}],"replies":[{"embeddable":true,"href":"https:\/\/dypall.com\/pl\/wp-json\/wp\/v2\/comments?post=7771"}],"wp:featuredmedia":[{"embeddable":true,"href":"https:\/\/dypall.com\/pl\/wp-json\/wp\/v2\/media\/7840"}],"wp:attachment":[{"href":"https:\/\/dypall.com\/pl\/wp-json\/wp\/v2\/media?parent=7771"}],"wp:term":[{"taxonomy":"country_category","embeddable":true,"href":"https:\/\/dypall.com\/pl\/wp-json\/wp\/v2\/country_category?post=7771"},{"taxonomy":"lavel","embeddable":true,"href":"https:\/\/dypall.com\/pl\/wp-json\/wp\/v2\/lavel?post=7771"},{"taxonomy":"profession","embeddable":true,"href":"https:\/\/dypall.com\/pl\/wp-json\/wp\/v2\/profession?post=7771"}],"curies":[{"name":"wp","href":"https:\/\/api.w.org\/{rel}","templated":true}]}}

<p>Gmina Kolonja znajduje się w południowo-wschodnim regionie Albanii i ma łączną powierzchnię 864 km2. Obecnie liczymy 17 898 mieszkańców, rozsianych po 2 miastach i 76 wsiach. Zajmujemy się przede wszystkim zarządzaniem i administracją lokalną. Nasze główne obszary zainteresowania obejmują wzmocnienie pozycji młodzieży, urbanistykę, rozwój infrastruktury, usługi publiczne, opiekę społeczną i zaangażowanie społeczności. Zapraszamy do kontaktu w sprawie współpracy przy projektach.</p>

<p>Gmina Kolonja znajduje się w południowo-wschodnim regionie Albanii i ma łączną powierzchnię 864 km2. Obecnie liczymy 17 898 mieszkańców, rozsianych po 2 miastach i 76 wsiach. Zajmujemy się przede wszystkim zarządzaniem i administracją lokalną. Nasze główne obszary zainteresowania to upodmiotowienie młodzieży, urbanistyka,... <a class="more-link" href="https://dypall.com/pl/country/municipality-of-kolonje/">Czytaj dalej <span class="screen-reader-text">Gmina Kolonja</span></a></p>

<!-- This site is optimized with the Yoast SEO plugin v22.8 - https://yoast.com/wordpress/plugins/seo/ -->
<title>Municipality of Kolonjë - DYPALL Network</title>
<meta name="robots" content="index, follow, max-snippet:-1, max-image-preview:large, max-video-preview:-1" />
<link rel="canonical" href="https://dypall.com/pl/country/municipality-of-kolonje/" />
<meta property="og:locale" content="pl_PL" />
<meta property="og:type" content="article" />
<meta property="og:title" content="Municipality of Kolonjë - DYPALL Network" />
<meta property="og:description" content="The Municipality of Kolonjë is located in the southeastern region of Albania and has a total area of 864 km2. We currently have a total population of 17,898 inhabitants, spreading across 2 cities and 76 villages. We are primarily engaged in local governance and administration. Our main areas of focus include youth empowerment, urban planning,&hellip; Czytaj dalej Municipality of Kolonjë" />
<meta property="og:url" content="https://dypall.com/pl/country/municipality-of-kolonje/" />
<meta property="og:site_name" content="DYPALL Network" />
<meta property="article:modified_time" content="2024-10-01T13:35:57+00:00" />
<meta property="og:image" content="https://dypall.com/wp-content/uploads/2024/09/Design-sem-nome-31.png" />
	<meta property="og:image:width" content="500" />
	<meta property="og:image:height" content="500" />
	<meta property="og:image:type" content="image/png" />
<meta name="twitter:card" content="summary_large_image" />
<meta name="twitter:label1" content="Est. reading time" />
	<meta name="twitter:data1" content="1 minuta" />
<script type="application/ld+json" class="yoast-schema-graph">{"@context":"https://schema.org","@graph":[{"@type":"WebPage","@id":"https://dypall.com/country/municipality-of-kolonje/","url":"https://dypall.com/country/municipality-of-kolonje/","name":"Municipality of Kolonjë - DYPALL Network","isPartOf":{"@id":"https://dypall.com/#website"},"primaryImageOfPage":{"@id":"https://dypall.com/country/municipality-of-kolonje/#primaryimage"},"image":{"@id":"https://dypall.com/country/municipality-of-kolonje/#primaryimage"},"thumbnailUrl":"https://dypall.com/wp-content/uploads/2024/09/Design-sem-nome-31.png","datePublished":"2024-09-30T15:11:04+00:00","dateModified":"2024-10-01T13:35:57+00:00","breadcrumb":{"@id":"https://dypall.com/country/municipality-of-kolonje/#breadcrumb"},"inLanguage":"pl-PL","potentialAction":[{"@type":"ReadAction","target":["https://dypall.com/country/municipality-of-kolonje/"]}]},{"@type":"ImageObject","inLanguage":"pl-PL","@id":"https://dypall.com/country/municipality-of-kolonje/#primaryimage","url":"https://dypall.com/wp-content/uploads/2024/09/Design-sem-nome-31.png","contentUrl":"https://dypall.com/wp-content/uploads/2024/09/Design-sem-nome-31.png","width":500,"height":500},{"@type":"BreadcrumbList","@id":"https://dypall.com/country/municipality-of-kolonje/#breadcrumb","itemListElement":[{"@type":"ListItem","position":1,"name":"Home","item":"https://dypall.com/"},{"@type":"ListItem","position":2,"name":"Municipality of Kolonjë"}]},{"@type":"WebSite","@id":"https://dypall.com/#website","url":"https://dypall.com/","name":"DYPALL Network","description":"We are a European network of civil society organisations, municipalities and research institutions dedicated to improving democracy through youth participation.","potentialAction":[{"@type":"SearchAction","target":{"@type":"EntryPoint","urlTemplate":"https://dypall.com/?s={search_term_string}"},"query-input":"required name=search_term_string"}],"inLanguage":"pl-PL"}]}</script>
<!-- / Yoast SEO plugin. -->

Municipality of Kolonjë - DYPALL Network

The Municipality of Kolonjë is located in the southeastern region of Albania and has a total area of 864 km2. We currently have a total population of 17,898 inhabitants, spreading across 2 cities and 76 villages. We are primarily engaged in local governance and administration. Our main areas of focus include youth empowerment, urban planning,&hellip; Czytaj dalej Municipality of Kolonjë

Municipality of Kolonjë
