{"id":7783,"date":"2024-09-30T15:18:25","date_gmt":"2024-09-30T15:18:25","guid":{"rendered":"https:\/\/dypall.com\/?post_type=country&#038;p=7783"},"modified":"2024-10-01T13:43:11","modified_gmt":"2024-10-01T13:43:11","slug":"asociacion-las-ninas-del-tul","status":"publish","type":"country","link":"https:\/\/dypall.com\/lv\/country\/asociacion-las-ninas-del-tul\/","title":{"rendered":"Asociaci\u00f3n Las Ni\u00f1as del Tul"},"content":{"rendered":"<p>Las Ni\u00f1as del Tul ir bezpe\u013c\u0146as apvien\u012bba, kas darbojas Granadas provinc\u0113 kop\u0161 2004. gada. Galvenais m\u0113r\u0137is ir veicin\u0101t l\u012bdzdal\u012bbu k\u0101 l\u012bdzekli gan personiskai, gan kopienas att\u012bst\u012bbai. To raksturo pla\u0161a pieredze darb\u0101 ar jaunie\u0161iem, izmantojot neform\u0101l\u0101s izgl\u012bt\u012bbas metodolo\u0123iju. Iek\u013cau\u0161ana ir neat\u0146emama m\u016bsu misijas da\u013ca, nodro\u0161inot, ka ikvienam ir iesp\u0113jas piedal\u012bties neatkar\u012bgi no vi\u0146u apst\u0101k\u013ciem un vajadz\u012bb\u0101m.<\/p>","protected":false},"excerpt":{"rendered":"<p>Las Ni\u00f1as del Tul ir bezpe\u013c\u0146as apvien\u012bba, kas darbojas Granadas provinc\u0113 kop\u0161 2004. gada. Galvenais m\u0113r\u0137is ir veicin\u0101t l\u012bdzdal\u012bbu k\u0101 l\u012bdzekli gan personiskai, gan kopienas att\u012bst\u012bbai. To raksturo pla\u0161a pieredze darb\u0101 ar jaunie\u0161iem, izmantojot neform\u0101l\u0101s izgl\u012bt\u012bbas metodolo\u0123iju. Iek\u013cau\u0161ana ir... <a class=\"more-link\" href=\"https:\/\/dypall.com\/lv\/country\/asociacion-las-ninas-del-tul\/\">Turpiniet las\u012bt <span class=\"screen-reader-text\">Asociaci\u00f3n Las Ni\u00f1as del Tul<\/span><\/a><\/p>","protected":false},"featured_media":7844,"parent":0,"menu_order":0,"comment_status":"open","ping_status":"open","template":"","format":"standard","meta":{"_acf_changed":true},"country_category":[222],"lavel":[50],"profession":[51],"class_list":["post-7783","country","type-country","status-publish","format-standard","has-post-thumbnail","hentry","country_category-spain","lavel-senior","profession-civil-society-organizations","entry"],"acf":[],"yoast_head":"<!-- This site is optimized with the Yoast SEO plugin v22.8 - https:\/\/yoast.com\/wordpress\/plugins\/seo\/ -->\n<title>Asociaci\u00f3n Las Ni\u00f1as del Tul - DYPALL Network<\/title>\n<meta name=\"robots\" content=\"index, follow, max-snippet:-1, max-image-preview:large, max-video-preview:-1\" \/>\n<link rel=\"canonical\" href=\"https:\/\/dypall.com\/lv\/country\/asociacion-las-ninas-del-tul\/\" \/>\n<meta property=\"og:locale\" content=\"lv_LV\" \/>\n<meta property=\"og:type\" content=\"article\" \/>\n<meta property=\"og:title\" content=\"Asociaci\u00f3n Las Ni\u00f1as del Tul - DYPALL Network\" \/>\n<meta property=\"og:description\" content=\"Las Ni\u00f1as del Tul is a non-profit association carrying out activities in the province of Granada since 2004. The main goal is to promote participation as a tool for both personal and community developments. It is characterized by its extensive experience in working with young people, using the methodology of non-formal education. Inclusion is an&hellip; Turpiniet las\u012bt Asociaci\u00f3n Las Ni\u00f1as del Tul\" \/>\n<meta property=\"og:url\" content=\"https:\/\/dypall.com\/lv\/country\/asociacion-las-ninas-del-tul\/\" \/>\n<meta property=\"og:site_name\" content=\"DYPALL Network\" \/>\n<meta property=\"article:modified_time\" content=\"2024-10-01T13:43:11+00:00\" \/>\n<meta property=\"og:image\" content=\"https:\/\/dypall.com\/wp-content\/uploads\/2024\/09\/Design-sem-nome-35.png\" \/>\n\t<meta property=\"og:image:width\" content=\"500\" \/>\n\t<meta property=\"og:image:height\" content=\"500\" \/>\n\t<meta property=\"og:image:type\" content=\"image\/png\" \/>\n<meta name=\"twitter:card\" content=\"summary_large_image\" \/>\n<meta name=\"twitter:label1\" content=\"Est. reading time\" \/>\n\t<meta name=\"twitter:data1\" content=\"1 min\u016bte\" \/>\n<script type=\"application\/ld+json\" class=\"yoast-schema-graph\">{\"@context\":\"https:\/\/schema.org\",\"@graph\":[{\"@type\":\"WebPage\",\"@id\":\"https:\/\/dypall.com\/country\/asociacion-las-ninas-del-tul\/\",\"url\":\"https:\/\/dypall.com\/country\/asociacion-las-ninas-del-tul\/\",\"name\":\"Asociaci\u00f3n Las Ni\u00f1as del Tul - DYPALL Network\",\"isPartOf\":{\"@id\":\"https:\/\/dypall.com\/#website\"},\"primaryImageOfPage\":{\"@id\":\"https:\/\/dypall.com\/country\/asociacion-las-ninas-del-tul\/#primaryimage\"},\"image\":{\"@id\":\"https:\/\/dypall.com\/country\/asociacion-las-ninas-del-tul\/#primaryimage\"},\"thumbnailUrl\":\"https:\/\/dypall.com\/wp-content\/uploads\/2024\/09\/Design-sem-nome-35.png\",\"datePublished\":\"2024-09-30T15:18:25+00:00\",\"dateModified\":\"2024-10-01T13:43:11+00:00\",\"breadcrumb\":{\"@id\":\"https:\/\/dypall.com\/country\/asociacion-las-ninas-del-tul\/#breadcrumb\"},\"inLanguage\":\"lv-LV\",\"potentialAction\":[{\"@type\":\"ReadAction\",\"target\":[\"https:\/\/dypall.com\/country\/asociacion-las-ninas-del-tul\/\"]}]},{\"@type\":\"ImageObject\",\"inLanguage\":\"lv-LV\",\"@id\":\"https:\/\/dypall.com\/country\/asociacion-las-ninas-del-tul\/#primaryimage\",\"url\":\"https:\/\/dypall.com\/wp-content\/uploads\/2024\/09\/Design-sem-nome-35.png\",\"contentUrl\":\"https:\/\/dypall.com\/wp-content\/uploads\/2024\/09\/Design-sem-nome-35.png\",\"width\":500,\"height\":500},{\"@type\":\"BreadcrumbList\",\"@id\":\"https:\/\/dypall.com\/country\/asociacion-las-ninas-del-tul\/#breadcrumb\",\"itemListElement\":[{\"@type\":\"ListItem\",\"position\":1,\"name\":\"Home\",\"item\":\"https:\/\/dypall.com\/\"},{\"@type\":\"ListItem\",\"position\":2,\"name\":\"Asociaci\u00f3n Las Ni\u00f1as del Tul\"}]},{\"@type\":\"WebSite\",\"@id\":\"https:\/\/dypall.com\/#website\",\"url\":\"https:\/\/dypall.com\/\",\"name\":\"DYPALL Network\",\"description\":\"We are a European network of civil society organisations, municipalities and research institutions dedicated to improving democracy through youth participation.\",\"potentialAction\":[{\"@type\":\"SearchAction\",\"target\":{\"@type\":\"EntryPoint\",\"urlTemplate\":\"https:\/\/dypall.com\/?s={search_term_string}\"},\"query-input\":\"required name=search_term_string\"}],\"inLanguage\":\"lv-LV\"}]}<\/script>\n<!-- \/ Yoast SEO plugin. -->","yoast_head_json":{"title":"Asociaci\u00f3n Las Ni\u00f1as del Tul - DYPALL Network","robots":{"index":"index","follow":"follow","max-snippet":"max-snippet:-1","max-image-preview":"max-image-preview:large","max-video-preview":"max-video-preview:-1"},"canonical":"https:\/\/dypall.com\/lv\/country\/asociacion-las-ninas-del-tul\/","og_locale":"lv_LV","og_type":"article","og_title":"Asociaci\u00f3n Las Ni\u00f1as del Tul - DYPALL Network","og_description":"Las Ni\u00f1as del Tul is a non-profit association carrying out activities in the province of Granada since 2004. The main goal is to promote participation as a tool for both personal and community developments. It is characterized by its extensive experience in working with young people, using the methodology of non-formal education. Inclusion is an&hellip; Turpiniet las\u012bt Asociaci\u00f3n Las Ni\u00f1as del Tul","og_url":"https:\/\/dypall.com\/lv\/country\/asociacion-las-ninas-del-tul\/","og_site_name":"DYPALL Network","article_modified_time":"2024-10-01T13:43:11+00:00","og_image":[{"width":500,"height":500,"url":"https:\/\/dypall.com\/wp-content\/uploads\/2024\/09\/Design-sem-nome-35.png","type":"image\/png"}],"twitter_card":"summary_large_image","twitter_misc":{"Est. reading time":"1 min\u016bte"},"schema":{"@context":"https:\/\/schema.org","@graph":[{"@type":"WebPage","@id":"https:\/\/dypall.com\/country\/asociacion-las-ninas-del-tul\/","url":"https:\/\/dypall.com\/country\/asociacion-las-ninas-del-tul\/","name":"Asociaci\u00f3n Las Ni\u00f1as del Tul - DYPALL Network","isPartOf":{"@id":"https:\/\/dypall.com\/#website"},"primaryImageOfPage":{"@id":"https:\/\/dypall.com\/country\/asociacion-las-ninas-del-tul\/#primaryimage"},"image":{"@id":"https:\/\/dypall.com\/country\/asociacion-las-ninas-del-tul\/#primaryimage"},"thumbnailUrl":"https:\/\/dypall.com\/wp-content\/uploads\/2024\/09\/Design-sem-nome-35.png","datePublished":"2024-09-30T15:18:25+00:00","dateModified":"2024-10-01T13:43:11+00:00","breadcrumb":{"@id":"https:\/\/dypall.com\/country\/asociacion-las-ninas-del-tul\/#breadcrumb"},"inLanguage":"lv-LV","potentialAction":[{"@type":"ReadAction","target":["https:\/\/dypall.com\/country\/asociacion-las-ninas-del-tul\/"]}]},{"@type":"ImageObject","inLanguage":"lv-LV","@id":"https:\/\/dypall.com\/country\/asociacion-las-ninas-del-tul\/#primaryimage","url":"https:\/\/dypall.com\/wp-content\/uploads\/2024\/09\/Design-sem-nome-35.png","contentUrl":"https:\/\/dypall.com\/wp-content\/uploads\/2024\/09\/Design-sem-nome-35.png","width":500,"height":500},{"@type":"BreadcrumbList","@id":"https:\/\/dypall.com\/country\/asociacion-las-ninas-del-tul\/#breadcrumb","itemListElement":[{"@type":"ListItem","position":1,"name":"Home","item":"https:\/\/dypall.com\/"},{"@type":"ListItem","position":2,"name":"Asociaci\u00f3n Las Ni\u00f1as del Tul"}]},{"@type":"WebSite","@id":"https:\/\/dypall.com\/#website","url":"https:\/\/dypall.com\/","name":"DYPALL Network","description":"We are a European network of civil society organisations, municipalities and research institutions dedicated to improving democracy through youth participation.","potentialAction":[{"@type":"SearchAction","target":{"@type":"EntryPoint","urlTemplate":"https:\/\/dypall.com\/?s={search_term_string}"},"query-input":"required name=search_term_string"}],"inLanguage":"lv-LV"}]}},"jetpack_sharing_enabled":true,"_links":{"self":[{"href":"https:\/\/dypall.com\/lv\/wp-json\/wp\/v2\/country\/7783","targetHints":{"allow":["GET"]}}],"collection":[{"href":"https:\/\/dypall.com\/lv\/wp-json\/wp\/v2\/country"}],"about":[{"href":"https:\/\/dypall.com\/lv\/wp-json\/wp\/v2\/types\/country"}],"replies":[{"embeddable":true,"href":"https:\/\/dypall.com\/lv\/wp-json\/wp\/v2\/comments?post=7783"}],"wp:featuredmedia":[{"embeddable":true,"href":"https:\/\/dypall.com\/lv\/wp-json\/wp\/v2\/media\/7844"}],"wp:attachment":[{"href":"https:\/\/dypall.com\/lv\/wp-json\/wp\/v2\/media?parent=7783"}],"wp:term":[{"taxonomy":"country_category","embeddable":true,"href":"https:\/\/dypall.com\/lv\/wp-json\/wp\/v2\/country_category?post=7783"},{"taxonomy":"lavel","embeddable":true,"href":"https:\/\/dypall.com\/lv\/wp-json\/wp\/v2\/lavel?post=7783"},{"taxonomy":"profession","embeddable":true,"href":"https:\/\/dypall.com\/lv\/wp-json\/wp\/v2\/profession?post=7783"}],"curies":[{"name":"wp","href":"https:\/\/api.w.org\/{rel}","templated":true}]}}

Asociación Las Niñas del Tul

<p>Las Niñas del Tul ir bezpeļņas apvienība, kas darbojas Granadas provincē kopš 2004. gada. Galvenais mērķis ir veicināt līdzdalību kā līdzekli gan personiskai, gan kopienas attīstībai. To raksturo plaša pieredze darbā ar jauniešiem, izmantojot neformālās izglītības metodoloģiju. Iekļaušana ir neatņemama mūsu misijas daļa, nodrošinot, ka ikvienam ir iespējas piedalīties neatkarīgi no viņu apstākļiem un vajadzībām.</p>

<p>Las Niñas del Tul ir bezpeļņas apvienība, kas darbojas Granadas provincē kopš 2004. gada. Galvenais mērķis ir veicināt līdzdalību kā līdzekli gan personiskai, gan kopienas attīstībai. To raksturo plaša pieredze darbā ar jauniešiem, izmantojot neformālās izglītības metodoloģiju. Iekļaušana ir... <a class="more-link" href="https://dypall.com/lv/country/asociacion-las-ninas-del-tul/">Turpiniet lasīt <span class="screen-reader-text">Asociación Las Niñas del Tul</span></a></p>

<!-- This site is optimized with the Yoast SEO plugin v22.8 - https://yoast.com/wordpress/plugins/seo/ -->
<title>Asociación Las Niñas del Tul - DYPALL Network</title>
<meta name="robots" content="index, follow, max-snippet:-1, max-image-preview:large, max-video-preview:-1" />
<link rel="canonical" href="https://dypall.com/lv/country/asociacion-las-ninas-del-tul/" />
<meta property="og:locale" content="lv_LV" />
<meta property="og:type" content="article" />
<meta property="og:title" content="Asociación Las Niñas del Tul - DYPALL Network" />
<meta property="og:description" content="Las Niñas del Tul is a non-profit association carrying out activities in the province of Granada since 2004. The main goal is to promote participation as a tool for both personal and community developments. It is characterized by its extensive experience in working with young people, using the methodology of non-formal education. Inclusion is an&hellip; Turpiniet lasīt Asociación Las Niñas del Tul" />
<meta property="og:url" content="https://dypall.com/lv/country/asociacion-las-ninas-del-tul/" />
<meta property="og:site_name" content="DYPALL Network" />
<meta property="article:modified_time" content="2024-10-01T13:43:11+00:00" />
<meta property="og:image" content="https://dypall.com/wp-content/uploads/2024/09/Design-sem-nome-35.png" />
	<meta property="og:image:width" content="500" />
	<meta property="og:image:height" content="500" />
	<meta property="og:image:type" content="image/png" />
<meta name="twitter:card" content="summary_large_image" />
<meta name="twitter:label1" content="Est. reading time" />
	<meta name="twitter:data1" content="1 minūte" />
<script type="application/ld+json" class="yoast-schema-graph">{"@context":"https://schema.org","@graph":[{"@type":"WebPage","@id":"https://dypall.com/country/asociacion-las-ninas-del-tul/","url":"https://dypall.com/country/asociacion-las-ninas-del-tul/","name":"Asociación Las Niñas del Tul - DYPALL Network","isPartOf":{"@id":"https://dypall.com/#website"},"primaryImageOfPage":{"@id":"https://dypall.com/country/asociacion-las-ninas-del-tul/#primaryimage"},"image":{"@id":"https://dypall.com/country/asociacion-las-ninas-del-tul/#primaryimage"},"thumbnailUrl":"https://dypall.com/wp-content/uploads/2024/09/Design-sem-nome-35.png","datePublished":"2024-09-30T15:18:25+00:00","dateModified":"2024-10-01T13:43:11+00:00","breadcrumb":{"@id":"https://dypall.com/country/asociacion-las-ninas-del-tul/#breadcrumb"},"inLanguage":"lv-LV","potentialAction":[{"@type":"ReadAction","target":["https://dypall.com/country/asociacion-las-ninas-del-tul/"]}]},{"@type":"ImageObject","inLanguage":"lv-LV","@id":"https://dypall.com/country/asociacion-las-ninas-del-tul/#primaryimage","url":"https://dypall.com/wp-content/uploads/2024/09/Design-sem-nome-35.png","contentUrl":"https://dypall.com/wp-content/uploads/2024/09/Design-sem-nome-35.png","width":500,"height":500},{"@type":"BreadcrumbList","@id":"https://dypall.com/country/asociacion-las-ninas-del-tul/#breadcrumb","itemListElement":[{"@type":"ListItem","position":1,"name":"Home","item":"https://dypall.com/"},{"@type":"ListItem","position":2,"name":"Asociación Las Niñas del Tul"}]},{"@type":"WebSite","@id":"https://dypall.com/#website","url":"https://dypall.com/","name":"DYPALL Network","description":"We are a European network of civil society organisations, municipalities and research institutions dedicated to improving democracy through youth participation.","potentialAction":[{"@type":"SearchAction","target":{"@type":"EntryPoint","urlTemplate":"https://dypall.com/?s={search_term_string}"},"query-input":"required name=search_term_string"}],"inLanguage":"lv-LV"}]}</script>
<!-- / Yoast SEO plugin. -->

Asociación Las Niñas del Tul - DYPALL Network

Las Niñas del Tul is a non-profit association carrying out activities in the province of Granada since 2004. The main goal is to promote participation as a tool for both personal and community developments. It is characterized by its extensive experience in working with young people, using the methodology of non-formal education. Inclusion is an&hellip; Turpiniet lasīt Asociación Las Niñas del Tul

1 minūte
