{"id":8591,"date":"2025-09-29T11:21:29","date_gmt":"2025-09-29T11:21:29","guid":{"rendered":"https:\/\/dypall.com\/?post_type=country&#038;p=8591"},"modified":"2025-09-29T11:21:30","modified_gmt":"2025-09-29T11:21:30","slug":"municipality-of-fyli","status":"publish","type":"country","link":"https:\/\/dypall.com\/fi\/country\/municipality-of-fyli\/","title":{"rendered":"Fylin kunta"},"content":{"rendered":"<p>Fylin kunta sijaitsee Attikan alueella ja koostuu \u0391no Liosian, Zefyrin ja Fylin kuntayksik\u00f6ist\u00e4. Sen kokonaispinta-ala on 109 km2 ja v\u00e4kiluku 48,157. Fylin kunnalla oli merkitt\u00e4v\u00e4 asema muinaisina aikoina, ja nyky\u00e4\u00e4n tehd\u00e4\u00e4n paljon ty\u00f6t\u00e4 kulttuuriperint\u00f6mme edist\u00e4miseksi. Kunta on eritt\u00e4in tarkkaavainen ja sitoutunut kest\u00e4v\u00e4\u00e4n kehitykseen ja energiaan liittyviin kysymyksiin.<\/p>\n\n\n\n<p><\/p>","protected":false},"excerpt":{"rendered":"<p>Fylin kunta sijaitsee Attikan alueella ja koostuu \u0391no Liosian, Zefyrin ja Fylin kuntayksik\u00f6ist\u00e4. Sen kokonaispinta-ala on 109 km2 ja v\u00e4kiluku 48,157. Fylin kunnalla oli merkitt\u00e4v\u00e4 asema muinaisina aikoina, ja nyky\u00e4\u00e4n tehd\u00e4\u00e4n paljon ty\u00f6t\u00e4 kulttuurimme edist\u00e4miseksi. <a class=\"more-link\" href=\"https:\/\/dypall.com\/fi\/country\/municipality-of-fyli\/\">Jatka lukemista <span class=\"screen-reader-text\">Fylin kunta<\/span><\/a><\/p>","protected":false},"featured_media":8592,"parent":0,"menu_order":0,"comment_status":"closed","ping_status":"open","template":"","format":"standard","meta":{"_acf_changed":true},"country_category":[225],"lavel":[50],"profession":[52],"class_list":["post-8591","country","type-country","status-publish","format-standard","has-post-thumbnail","hentry","country_category-greece","lavel-senior","profession-local-authorities","entry"],"acf":[],"yoast_head":"<!-- This site is optimized with the Yoast SEO plugin v22.8 - https:\/\/yoast.com\/wordpress\/plugins\/seo\/ -->\n<title>Municipality of Fyli - DYPALL Network<\/title>\n<meta name=\"robots\" content=\"index, follow, max-snippet:-1, max-image-preview:large, max-video-preview:-1\" \/>\n<link rel=\"canonical\" href=\"https:\/\/dypall.com\/fi\/country\/municipality-of-fyli\/\" \/>\n<meta property=\"og:locale\" content=\"fi_FI\" \/>\n<meta property=\"og:type\" content=\"article\" \/>\n<meta property=\"og:title\" content=\"Municipality of Fyli - DYPALL Network\" \/>\n<meta property=\"og:description\" content=\"Municipality of Fyli is located in the region of Attica and comprises the Municipal Units of \u0391no Liosia, Zefyri and Fyli. It covers a total area of 109km 2 and the population is 48.157. Municipality of Fyli had a prominent place in ancient times and nowadays a great effort is made to promote our cultural&hellip; Jatka lukemista Municipality of Fyli\" \/>\n<meta property=\"og:url\" content=\"https:\/\/dypall.com\/fi\/country\/municipality-of-fyli\/\" \/>\n<meta property=\"og:site_name\" content=\"DYPALL Network\" \/>\n<meta property=\"article:modified_time\" content=\"2025-09-29T11:21:30+00:00\" \/>\n<meta property=\"og:image\" content=\"https:\/\/dypall.com\/wp-content\/uploads\/2025\/09\/EMBLHMA-DHMOY-FYLHS-Giorgos-Vellis.jpg\" \/>\n\t<meta property=\"og:image:width\" content=\"1024\" \/>\n\t<meta property=\"og:image:height\" content=\"1025\" \/>\n\t<meta property=\"og:image:type\" content=\"image\/jpeg\" \/>\n<meta name=\"twitter:card\" content=\"summary_large_image\" \/>\n<meta name=\"twitter:label1\" content=\"Est. reading time\" \/>\n\t<meta name=\"twitter:data1\" content=\"1 minuutti\" \/>\n<script type=\"application\/ld+json\" class=\"yoast-schema-graph\">{\"@context\":\"https:\/\/schema.org\",\"@graph\":[{\"@type\":\"WebPage\",\"@id\":\"https:\/\/dypall.com\/country\/municipality-of-fyli\/\",\"url\":\"https:\/\/dypall.com\/country\/municipality-of-fyli\/\",\"name\":\"Municipality of Fyli - DYPALL Network\",\"isPartOf\":{\"@id\":\"https:\/\/dypall.com\/#website\"},\"primaryImageOfPage\":{\"@id\":\"https:\/\/dypall.com\/country\/municipality-of-fyli\/#primaryimage\"},\"image\":{\"@id\":\"https:\/\/dypall.com\/country\/municipality-of-fyli\/#primaryimage\"},\"thumbnailUrl\":\"https:\/\/dypall.com\/wp-content\/uploads\/2025\/09\/EMBLHMA-DHMOY-FYLHS-Giorgos-Vellis.jpg\",\"datePublished\":\"2025-09-29T11:21:29+00:00\",\"dateModified\":\"2025-09-29T11:21:30+00:00\",\"breadcrumb\":{\"@id\":\"https:\/\/dypall.com\/country\/municipality-of-fyli\/#breadcrumb\"},\"inLanguage\":\"fi\",\"potentialAction\":[{\"@type\":\"ReadAction\",\"target\":[\"https:\/\/dypall.com\/country\/municipality-of-fyli\/\"]}]},{\"@type\":\"ImageObject\",\"inLanguage\":\"fi\",\"@id\":\"https:\/\/dypall.com\/country\/municipality-of-fyli\/#primaryimage\",\"url\":\"https:\/\/dypall.com\/wp-content\/uploads\/2025\/09\/EMBLHMA-DHMOY-FYLHS-Giorgos-Vellis.jpg\",\"contentUrl\":\"https:\/\/dypall.com\/wp-content\/uploads\/2025\/09\/EMBLHMA-DHMOY-FYLHS-Giorgos-Vellis.jpg\",\"width\":1024,\"height\":1025},{\"@type\":\"BreadcrumbList\",\"@id\":\"https:\/\/dypall.com\/country\/municipality-of-fyli\/#breadcrumb\",\"itemListElement\":[{\"@type\":\"ListItem\",\"position\":1,\"name\":\"Home\",\"item\":\"https:\/\/dypall.com\/\"},{\"@type\":\"ListItem\",\"position\":2,\"name\":\"Municipality of Fyli\"}]},{\"@type\":\"WebSite\",\"@id\":\"https:\/\/dypall.com\/#website\",\"url\":\"https:\/\/dypall.com\/\",\"name\":\"DYPALL Network\",\"description\":\"We are a European network of civil society organisations, municipalities and research institutions dedicated to improving democracy through youth participation.\",\"potentialAction\":[{\"@type\":\"SearchAction\",\"target\":{\"@type\":\"EntryPoint\",\"urlTemplate\":\"https:\/\/dypall.com\/?s={search_term_string}\"},\"query-input\":\"required name=search_term_string\"}],\"inLanguage\":\"fi\"}]}<\/script>\n<!-- \/ Yoast SEO plugin. -->","yoast_head_json":{"title":"Municipality of Fyli - DYPALL Network","robots":{"index":"index","follow":"follow","max-snippet":"max-snippet:-1","max-image-preview":"max-image-preview:large","max-video-preview":"max-video-preview:-1"},"canonical":"https:\/\/dypall.com\/fi\/country\/municipality-of-fyli\/","og_locale":"fi_FI","og_type":"article","og_title":"Municipality of Fyli - DYPALL Network","og_description":"Municipality of Fyli is located in the region of Attica and comprises the Municipal Units of \u0391no Liosia, Zefyri and Fyli. It covers a total area of 109km 2 and the population is 48.157. Municipality of Fyli had a prominent place in ancient times and nowadays a great effort is made to promote our cultural&hellip; Jatka lukemista Municipality of Fyli","og_url":"https:\/\/dypall.com\/fi\/country\/municipality-of-fyli\/","og_site_name":"DYPALL Network","article_modified_time":"2025-09-29T11:21:30+00:00","og_image":[{"width":1024,"height":1025,"url":"https:\/\/dypall.com\/wp-content\/uploads\/2025\/09\/EMBLHMA-DHMOY-FYLHS-Giorgos-Vellis.jpg","type":"image\/jpeg"}],"twitter_card":"summary_large_image","twitter_misc":{"Est. reading time":"1 minuutti"},"schema":{"@context":"https:\/\/schema.org","@graph":[{"@type":"WebPage","@id":"https:\/\/dypall.com\/country\/municipality-of-fyli\/","url":"https:\/\/dypall.com\/country\/municipality-of-fyli\/","name":"Municipality of Fyli - DYPALL Network","isPartOf":{"@id":"https:\/\/dypall.com\/#website"},"primaryImageOfPage":{"@id":"https:\/\/dypall.com\/country\/municipality-of-fyli\/#primaryimage"},"image":{"@id":"https:\/\/dypall.com\/country\/municipality-of-fyli\/#primaryimage"},"thumbnailUrl":"https:\/\/dypall.com\/wp-content\/uploads\/2025\/09\/EMBLHMA-DHMOY-FYLHS-Giorgos-Vellis.jpg","datePublished":"2025-09-29T11:21:29+00:00","dateModified":"2025-09-29T11:21:30+00:00","breadcrumb":{"@id":"https:\/\/dypall.com\/country\/municipality-of-fyli\/#breadcrumb"},"inLanguage":"fi","potentialAction":[{"@type":"ReadAction","target":["https:\/\/dypall.com\/country\/municipality-of-fyli\/"]}]},{"@type":"ImageObject","inLanguage":"fi","@id":"https:\/\/dypall.com\/country\/municipality-of-fyli\/#primaryimage","url":"https:\/\/dypall.com\/wp-content\/uploads\/2025\/09\/EMBLHMA-DHMOY-FYLHS-Giorgos-Vellis.jpg","contentUrl":"https:\/\/dypall.com\/wp-content\/uploads\/2025\/09\/EMBLHMA-DHMOY-FYLHS-Giorgos-Vellis.jpg","width":1024,"height":1025},{"@type":"BreadcrumbList","@id":"https:\/\/dypall.com\/country\/municipality-of-fyli\/#breadcrumb","itemListElement":[{"@type":"ListItem","position":1,"name":"Home","item":"https:\/\/dypall.com\/"},{"@type":"ListItem","position":2,"name":"Municipality of Fyli"}]},{"@type":"WebSite","@id":"https:\/\/dypall.com\/#website","url":"https:\/\/dypall.com\/","name":"DYPALL Network","description":"We are a European network of civil society organisations, municipalities and research institutions dedicated to improving democracy through youth participation.","potentialAction":[{"@type":"SearchAction","target":{"@type":"EntryPoint","urlTemplate":"https:\/\/dypall.com\/?s={search_term_string}"},"query-input":"required name=search_term_string"}],"inLanguage":"fi"}]}},"jetpack_sharing_enabled":true,"_links":{"self":[{"href":"https:\/\/dypall.com\/fi\/wp-json\/wp\/v2\/country\/8591","targetHints":{"allow":["GET"]}}],"collection":[{"href":"https:\/\/dypall.com\/fi\/wp-json\/wp\/v2\/country"}],"about":[{"href":"https:\/\/dypall.com\/fi\/wp-json\/wp\/v2\/types\/country"}],"replies":[{"embeddable":true,"href":"https:\/\/dypall.com\/fi\/wp-json\/wp\/v2\/comments?post=8591"}],"wp:featuredmedia":[{"embeddable":true,"href":"https:\/\/dypall.com\/fi\/wp-json\/wp\/v2\/media\/8592"}],"wp:attachment":[{"href":"https:\/\/dypall.com\/fi\/wp-json\/wp\/v2\/media?parent=8591"}],"wp:term":[{"taxonomy":"country_category","embeddable":true,"href":"https:\/\/dypall.com\/fi\/wp-json\/wp\/v2\/country_category?post=8591"},{"taxonomy":"lavel","embeddable":true,"href":"https:\/\/dypall.com\/fi\/wp-json\/wp\/v2\/lavel?post=8591"},{"taxonomy":"profession","embeddable":true,"href":"https:\/\/dypall.com\/fi\/wp-json\/wp\/v2\/profession?post=8591"}],"curies":[{"name":"wp","href":"https:\/\/api.w.org\/{rel}","templated":true}]}}

<p>Fylin kunta sijaitsee Attikan alueella ja koostuu Αno Liosian, Zefyrin ja Fylin kuntayksiköistä. Sen kokonaispinta-ala on 109 km2 ja väkiluku 48,157. Fylin kunnalla oli merkittävä asema muinaisina aikoina, ja nykyään tehdään paljon työtä kulttuuriperintömme edistämiseksi. Kunta on erittäin tarkkaavainen ja sitoutunut kestävään kehitykseen ja energiaan liittyviin kysymyksiin.</p>



<p></p>

<p>Fylin kunta sijaitsee Attikan alueella ja koostuu Αno Liosian, Zefyrin ja Fylin kuntayksiköistä. Sen kokonaispinta-ala on 109 km2 ja väkiluku 48,157. Fylin kunnalla oli merkittävä asema muinaisina aikoina, ja nykyään tehdään paljon työtä kulttuurimme edistämiseksi. <a class="more-link" href="https://dypall.com/fi/country/municipality-of-fyli/">Jatka lukemista <span class="screen-reader-text">Fylin kunta</span></a></p>

<!-- This site is optimized with the Yoast SEO plugin v22.8 - https://yoast.com/wordpress/plugins/seo/ -->
<title>Municipality of Fyli - DYPALL Network</title>
<meta name="robots" content="index, follow, max-snippet:-1, max-image-preview:large, max-video-preview:-1" />
<link rel="canonical" href="https://dypall.com/fi/country/municipality-of-fyli/" />
<meta property="og:locale" content="fi_FI" />
<meta property="og:type" content="article" />
<meta property="og:title" content="Municipality of Fyli - DYPALL Network" />
<meta property="og:description" content="Municipality of Fyli is located in the region of Attica and comprises the Municipal Units of Αno Liosia, Zefyri and Fyli. It covers a total area of 109km 2 and the population is 48.157. Municipality of Fyli had a prominent place in ancient times and nowadays a great effort is made to promote our cultural&hellip; Jatka lukemista Municipality of Fyli" />
<meta property="og:url" content="https://dypall.com/fi/country/municipality-of-fyli/" />
<meta property="og:site_name" content="DYPALL Network" />
<meta property="article:modified_time" content="2025-09-29T11:21:30+00:00" />
<meta property="og:image" content="https://dypall.com/wp-content/uploads/2025/09/EMBLHMA-DHMOY-FYLHS-Giorgos-Vellis.jpg" />
	<meta property="og:image:width" content="1024" />
	<meta property="og:image:height" content="1025" />
	<meta property="og:image:type" content="image/jpeg" />
<meta name="twitter:card" content="summary_large_image" />
<meta name="twitter:label1" content="Est. reading time" />
	<meta name="twitter:data1" content="1 minuutti" />
<script type="application/ld+json" class="yoast-schema-graph">{"@context":"https://schema.org","@graph":[{"@type":"WebPage","@id":"https://dypall.com/country/municipality-of-fyli/","url":"https://dypall.com/country/municipality-of-fyli/","name":"Municipality of Fyli - DYPALL Network","isPartOf":{"@id":"https://dypall.com/#website"},"primaryImageOfPage":{"@id":"https://dypall.com/country/municipality-of-fyli/#primaryimage"},"image":{"@id":"https://dypall.com/country/municipality-of-fyli/#primaryimage"},"thumbnailUrl":"https://dypall.com/wp-content/uploads/2025/09/EMBLHMA-DHMOY-FYLHS-Giorgos-Vellis.jpg","datePublished":"2025-09-29T11:21:29+00:00","dateModified":"2025-09-29T11:21:30+00:00","breadcrumb":{"@id":"https://dypall.com/country/municipality-of-fyli/#breadcrumb"},"inLanguage":"fi","potentialAction":[{"@type":"ReadAction","target":["https://dypall.com/country/municipality-of-fyli/"]}]},{"@type":"ImageObject","inLanguage":"fi","@id":"https://dypall.com/country/municipality-of-fyli/#primaryimage","url":"https://dypall.com/wp-content/uploads/2025/09/EMBLHMA-DHMOY-FYLHS-Giorgos-Vellis.jpg","contentUrl":"https://dypall.com/wp-content/uploads/2025/09/EMBLHMA-DHMOY-FYLHS-Giorgos-Vellis.jpg","width":1024,"height":1025},{"@type":"BreadcrumbList","@id":"https://dypall.com/country/municipality-of-fyli/#breadcrumb","itemListElement":[{"@type":"ListItem","position":1,"name":"Home","item":"https://dypall.com/"},{"@type":"ListItem","position":2,"name":"Municipality of Fyli"}]},{"@type":"WebSite","@id":"https://dypall.com/#website","url":"https://dypall.com/","name":"DYPALL Network","description":"We are a European network of civil society organisations, municipalities and research institutions dedicated to improving democracy through youth participation.","potentialAction":[{"@type":"SearchAction","target":{"@type":"EntryPoint","urlTemplate":"https://dypall.com/?s={search_term_string}"},"query-input":"required name=search_term_string"}],"inLanguage":"fi"}]}</script>
<!-- / Yoast SEO plugin. -->

Municipality of Fyli is located in the region of Attica and comprises the Municipal Units of Αno Liosia, Zefyri and Fyli. It covers a total area of 109km 2 and the population is 48.157. Municipality of Fyli had a prominent place in ancient times and nowadays a great effort is made to promote our cultural&hellip; Jatka lukemista Municipality of Fyli
