{"id":7787,"date":"2024-09-30T15:20:45","date_gmt":"2024-09-30T15:20:45","guid":{"rendered":"https:\/\/dypall.com\/?post_type=country&#038;p=7787"},"modified":"2024-10-01T11:13:11","modified_gmt":"2024-10-01T11:13:11","slug":"migrafrica","status":"publish","type":"country","link":"https:\/\/dypall.com\/fi\/country\/migrafrica\/","title":{"rendered":"Migrafrica"},"content":{"rendered":"<p>Migrafrica on nuorten afrikkalaisten maahanmuuttajien perustama j\u00e4rjest\u00f6, joka voimaannuttaa nuoria afrikkalaisia maahanmuuttajia Saksassa. P\u00e4\u00e4tavoitteemme on lis\u00e4t\u00e4 sosiaalista, taloudellista ja poliittista osallistumista ja yhdentymist\u00e4. Tuemme nopeampaa integrointia ja resurssien mobilisointia, jotta voidaan parantaa el\u00e4m\u00e4\u00e4, kehitt\u00e4\u00e4 valmiuksia ja taitoja ja kehitt\u00e4\u00e4 verkostoja Saksassa\/Euroopassa asuvien nuorten afrikkalaisten v\u00e4lill\u00e4 sek\u00e4 kuroa umpeen Afrikan ja Euroopan v\u00e4list\u00e4 kuilua.<\/p>","protected":false},"excerpt":{"rendered":"<p>Migrafrica on nuorten afrikkalaisten maahanmuuttajien perustama j\u00e4rjest\u00f6, joka voimaannuttaa nuoria afrikkalaisia maahanmuuttajia Saksassa. P\u00e4\u00e4tavoitteemme on lis\u00e4t\u00e4 sosiaalista, taloudellista ja poliittista osallistumista ja yhdentymist\u00e4. Tuemme nopeampaa integrointia ja resurssien mobilisointia el\u00e4m\u00e4n parantamiseksi, valmiuksien ja taitojen kehitt\u00e4miseksi sek\u00e4 verkostojen kehitt\u00e4miseksi nuorten afrikkalaisten v\u00e4lill\u00e4. <a class=\"more-link\" href=\"https:\/\/dypall.com\/fi\/country\/migrafrica\/\">Jatka lukemista <span class=\"screen-reader-text\">Migrafrica<\/span><\/a><\/p>","protected":false},"featured_media":7823,"parent":0,"menu_order":0,"comment_status":"open","ping_status":"open","template":"","format":"standard","meta":{"_acf_changed":true},"country_category":[212],"lavel":[49],"profession":[51],"class_list":["post-7787","country","type-country","status-publish","format-standard","has-post-thumbnail","hentry","country_category-germany","lavel-basic","profession-civil-society-organizations","entry"],"acf":[],"yoast_head":"<!-- This site is optimized with the Yoast SEO plugin v22.8 - https:\/\/yoast.com\/wordpress\/plugins\/seo\/ -->\n<title>Migrafrica - DYPALL Network<\/title>\n<meta name=\"robots\" content=\"index, follow, max-snippet:-1, max-image-preview:large, max-video-preview:-1\" \/>\n<link rel=\"canonical\" href=\"https:\/\/dypall.com\/fi\/country\/migrafrica\/\" \/>\n<meta property=\"og:locale\" content=\"fi_FI\" \/>\n<meta property=\"og:type\" content=\"article\" \/>\n<meta property=\"og:title\" content=\"Migrafrica - DYPALL Network\" \/>\n<meta property=\"og:description\" content=\"Migrafrica is an organisation founded by young African migrants who are empowering young fellow African migrants in Germany. Our main goal is to enhance the social, economical and political participation and integration. We support faster integration and mobilizion of resources to improve lives, build capacities and skills and develop networks between young Africans living in&hellip; Jatka lukemista Migrafrica\" \/>\n<meta property=\"og:url\" content=\"https:\/\/dypall.com\/fi\/country\/migrafrica\/\" \/>\n<meta property=\"og:site_name\" content=\"DYPALL Network\" \/>\n<meta property=\"article:modified_time\" content=\"2024-10-01T11:13:11+00:00\" \/>\n<meta property=\"og:image\" content=\"https:\/\/dypall.com\/wp-content\/uploads\/2024\/09\/Design-sem-nome-13.png\" \/>\n\t<meta property=\"og:image:width\" content=\"500\" \/>\n\t<meta property=\"og:image:height\" content=\"500\" \/>\n\t<meta property=\"og:image:type\" content=\"image\/png\" \/>\n<meta name=\"twitter:card\" content=\"summary_large_image\" \/>\n<meta name=\"twitter:label1\" content=\"Est. reading time\" \/>\n\t<meta name=\"twitter:data1\" content=\"1 minuutti\" \/>\n<script type=\"application\/ld+json\" class=\"yoast-schema-graph\">{\"@context\":\"https:\/\/schema.org\",\"@graph\":[{\"@type\":\"WebPage\",\"@id\":\"https:\/\/dypall.com\/country\/migrafrica\/\",\"url\":\"https:\/\/dypall.com\/country\/migrafrica\/\",\"name\":\"Migrafrica - DYPALL Network\",\"isPartOf\":{\"@id\":\"https:\/\/dypall.com\/#website\"},\"primaryImageOfPage\":{\"@id\":\"https:\/\/dypall.com\/country\/migrafrica\/#primaryimage\"},\"image\":{\"@id\":\"https:\/\/dypall.com\/country\/migrafrica\/#primaryimage\"},\"thumbnailUrl\":\"https:\/\/dypall.com\/wp-content\/uploads\/2024\/09\/Design-sem-nome-13.png\",\"datePublished\":\"2024-09-30T15:20:45+00:00\",\"dateModified\":\"2024-10-01T11:13:11+00:00\",\"breadcrumb\":{\"@id\":\"https:\/\/dypall.com\/country\/migrafrica\/#breadcrumb\"},\"inLanguage\":\"fi\",\"potentialAction\":[{\"@type\":\"ReadAction\",\"target\":[\"https:\/\/dypall.com\/country\/migrafrica\/\"]}]},{\"@type\":\"ImageObject\",\"inLanguage\":\"fi\",\"@id\":\"https:\/\/dypall.com\/country\/migrafrica\/#primaryimage\",\"url\":\"https:\/\/dypall.com\/wp-content\/uploads\/2024\/09\/Design-sem-nome-13.png\",\"contentUrl\":\"https:\/\/dypall.com\/wp-content\/uploads\/2024\/09\/Design-sem-nome-13.png\",\"width\":500,\"height\":500},{\"@type\":\"BreadcrumbList\",\"@id\":\"https:\/\/dypall.com\/country\/migrafrica\/#breadcrumb\",\"itemListElement\":[{\"@type\":\"ListItem\",\"position\":1,\"name\":\"Home\",\"item\":\"https:\/\/dypall.com\/\"},{\"@type\":\"ListItem\",\"position\":2,\"name\":\"Migrafrica\"}]},{\"@type\":\"WebSite\",\"@id\":\"https:\/\/dypall.com\/#website\",\"url\":\"https:\/\/dypall.com\/\",\"name\":\"DYPALL Network\",\"description\":\"We are a European network of civil society organisations, municipalities and research institutions dedicated to improving democracy through youth participation.\",\"potentialAction\":[{\"@type\":\"SearchAction\",\"target\":{\"@type\":\"EntryPoint\",\"urlTemplate\":\"https:\/\/dypall.com\/?s={search_term_string}\"},\"query-input\":\"required name=search_term_string\"}],\"inLanguage\":\"fi\"}]}<\/script>\n<!-- \/ Yoast SEO plugin. -->","yoast_head_json":{"title":"Migrafrica - DYPALL Network","robots":{"index":"index","follow":"follow","max-snippet":"max-snippet:-1","max-image-preview":"max-image-preview:large","max-video-preview":"max-video-preview:-1"},"canonical":"https:\/\/dypall.com\/fi\/country\/migrafrica\/","og_locale":"fi_FI","og_type":"article","og_title":"Migrafrica - DYPALL Network","og_description":"Migrafrica is an organisation founded by young African migrants who are empowering young fellow African migrants in Germany. Our main goal is to enhance the social, economical and political participation and integration. We support faster integration and mobilizion of resources to improve lives, build capacities and skills and develop networks between young Africans living in&hellip; Jatka lukemista Migrafrica","og_url":"https:\/\/dypall.com\/fi\/country\/migrafrica\/","og_site_name":"DYPALL Network","article_modified_time":"2024-10-01T11:13:11+00:00","og_image":[{"width":500,"height":500,"url":"https:\/\/dypall.com\/wp-content\/uploads\/2024\/09\/Design-sem-nome-13.png","type":"image\/png"}],"twitter_card":"summary_large_image","twitter_misc":{"Est. reading time":"1 minuutti"},"schema":{"@context":"https:\/\/schema.org","@graph":[{"@type":"WebPage","@id":"https:\/\/dypall.com\/country\/migrafrica\/","url":"https:\/\/dypall.com\/country\/migrafrica\/","name":"Migrafrica - DYPALL Network","isPartOf":{"@id":"https:\/\/dypall.com\/#website"},"primaryImageOfPage":{"@id":"https:\/\/dypall.com\/country\/migrafrica\/#primaryimage"},"image":{"@id":"https:\/\/dypall.com\/country\/migrafrica\/#primaryimage"},"thumbnailUrl":"https:\/\/dypall.com\/wp-content\/uploads\/2024\/09\/Design-sem-nome-13.png","datePublished":"2024-09-30T15:20:45+00:00","dateModified":"2024-10-01T11:13:11+00:00","breadcrumb":{"@id":"https:\/\/dypall.com\/country\/migrafrica\/#breadcrumb"},"inLanguage":"fi","potentialAction":[{"@type":"ReadAction","target":["https:\/\/dypall.com\/country\/migrafrica\/"]}]},{"@type":"ImageObject","inLanguage":"fi","@id":"https:\/\/dypall.com\/country\/migrafrica\/#primaryimage","url":"https:\/\/dypall.com\/wp-content\/uploads\/2024\/09\/Design-sem-nome-13.png","contentUrl":"https:\/\/dypall.com\/wp-content\/uploads\/2024\/09\/Design-sem-nome-13.png","width":500,"height":500},{"@type":"BreadcrumbList","@id":"https:\/\/dypall.com\/country\/migrafrica\/#breadcrumb","itemListElement":[{"@type":"ListItem","position":1,"name":"Home","item":"https:\/\/dypall.com\/"},{"@type":"ListItem","position":2,"name":"Migrafrica"}]},{"@type":"WebSite","@id":"https:\/\/dypall.com\/#website","url":"https:\/\/dypall.com\/","name":"DYPALL Network","description":"We are a European network of civil society organisations, municipalities and research institutions dedicated to improving democracy through youth participation.","potentialAction":[{"@type":"SearchAction","target":{"@type":"EntryPoint","urlTemplate":"https:\/\/dypall.com\/?s={search_term_string}"},"query-input":"required name=search_term_string"}],"inLanguage":"fi"}]}},"jetpack_sharing_enabled":true,"_links":{"self":[{"href":"https:\/\/dypall.com\/fi\/wp-json\/wp\/v2\/country\/7787","targetHints":{"allow":["GET"]}}],"collection":[{"href":"https:\/\/dypall.com\/fi\/wp-json\/wp\/v2\/country"}],"about":[{"href":"https:\/\/dypall.com\/fi\/wp-json\/wp\/v2\/types\/country"}],"replies":[{"embeddable":true,"href":"https:\/\/dypall.com\/fi\/wp-json\/wp\/v2\/comments?post=7787"}],"wp:featuredmedia":[{"embeddable":true,"href":"https:\/\/dypall.com\/fi\/wp-json\/wp\/v2\/media\/7823"}],"wp:attachment":[{"href":"https:\/\/dypall.com\/fi\/wp-json\/wp\/v2\/media?parent=7787"}],"wp:term":[{"taxonomy":"country_category","embeddable":true,"href":"https:\/\/dypall.com\/fi\/wp-json\/wp\/v2\/country_category?post=7787"},{"taxonomy":"lavel","embeddable":true,"href":"https:\/\/dypall.com\/fi\/wp-json\/wp\/v2\/lavel?post=7787"},{"taxonomy":"profession","embeddable":true,"href":"https:\/\/dypall.com\/fi\/wp-json\/wp\/v2\/profession?post=7787"}],"curies":[{"name":"wp","href":"https:\/\/api.w.org\/{rel}","templated":true}]}}

<p>Migrafrica on nuorten afrikkalaisten maahanmuuttajien perustama järjestö, joka voimaannuttaa nuoria afrikkalaisia maahanmuuttajia Saksassa. Päätavoitteemme on lisätä sosiaalista, taloudellista ja poliittista osallistumista ja yhdentymistä. Tuemme nopeampaa integrointia ja resurssien mobilisointia, jotta voidaan parantaa elämää, kehittää valmiuksia ja taitoja ja kehittää verkostoja Saksassa/Euroopassa asuvien nuorten afrikkalaisten välillä sekä kuroa umpeen Afrikan ja Euroopan välistä kuilua.</p>

<p>Migrafrica on nuorten afrikkalaisten maahanmuuttajien perustama järjestö, joka voimaannuttaa nuoria afrikkalaisia maahanmuuttajia Saksassa. Päätavoitteemme on lisätä sosiaalista, taloudellista ja poliittista osallistumista ja yhdentymistä. Tuemme nopeampaa integrointia ja resurssien mobilisointia elämän parantamiseksi, valmiuksien ja taitojen kehittämiseksi sekä verkostojen kehittämiseksi nuorten afrikkalaisten välillä. <a class="more-link" href="https://dypall.com/fi/country/migrafrica/">Jatka lukemista <span class="screen-reader-text">Migrafrica</span></a></p>
