{"id":8554,"date":"2025-09-29T09:38:12","date_gmt":"2025-09-29T09:38:12","guid":{"rendered":"https:\/\/dypall.com\/?post_type=country&#038;p=8554"},"modified":"2025-09-29T09:38:14","modified_gmt":"2025-09-29T09:38:14","slug":"center-for-youth-activism-cya-krik","status":"publish","type":"country","link":"https:\/\/dypall.com\/et\/country\/center-for-youth-activism-cya-krik\/","title":{"rendered":"Noorte aktivismi keskus CYA Krik"},"content":{"rendered":"<p>Noorte aktivismi keskus KRIK on valitsusv\u00e4line organisatsioon, mille peamine eesm\u00e4rk on puuetega inimeste kaasamine \u00fchiskonda. Selle organisatsiooni visioon on olla noorte h\u00e4\u00e4l, mida v\u00f5etakse kuulda ja mis teeb \u00fchiskonnas muudatusi ja panuseid ning t\u00f6\u00f6tab sotsiaalselt t\u00f5rjutud r\u00fchmade heaolu nimel. KRIK p\u00fc\u00fcab julgustada noorte suuremat osalust, noorte aktiivsust ja mis k\u00f5ige t\u00e4htsam, edendada puuetega inimeste sotsiaalset kaasatust.<\/p>\n\n\n\n<p><\/p>","protected":false},"excerpt":{"rendered":"<p>Noorte aktivismi keskus KRIK on valitsusv\u00e4line organisatsioon, mille peamine eesm\u00e4rk on puuetega inimeste kaasamine \u00fchiskonda. Selle organisatsiooni visioon on olla noorte h\u00e4\u00e4l, mida kuuldakse ja mis teeb \u00fchiskonnas muudatusi ja panuseid ning t\u00f6\u00f6tab \u00fchiskonna heaolu nimel. <a class=\"more-link\" href=\"https:\/\/dypall.com\/et\/country\/center-for-youth-activism-cya-krik\/\">J\u00e4tka lugemist <span class=\"screen-reader-text\">Noorte aktivismi keskus CYA Krik<\/span><\/a><\/p>","protected":false},"featured_media":8555,"parent":0,"menu_order":0,"comment_status":"closed","ping_status":"open","template":"","format":"standard","meta":{"_acf_changed":true},"country_category":[217],"lavel":[50],"profession":[51],"class_list":["post-8554","country","type-country","status-publish","format-standard","has-post-thumbnail","hentry","country_category-north-macedonia","lavel-senior","profession-civil-society-organizations","entry"],"acf":[],"yoast_head":"<!-- This site is optimized with the Yoast SEO plugin v22.8 - https:\/\/yoast.com\/wordpress\/plugins\/seo\/ -->\n<title>Center for Youth Activism CYA Krik - DYPALL Network<\/title>\n<meta name=\"robots\" content=\"index, follow, max-snippet:-1, max-image-preview:large, max-video-preview:-1\" \/>\n<link rel=\"canonical\" href=\"https:\/\/dypall.com\/et\/country\/center-for-youth-activism-cya-krik\/\" \/>\n<meta property=\"og:locale\" content=\"et_EE\" \/>\n<meta property=\"og:type\" content=\"article\" \/>\n<meta property=\"og:title\" content=\"Center for Youth Activism CYA Krik - DYPALL Network\" \/>\n<meta property=\"og:description\" content=\"Center for youth activism KRIK is non-governmental organization whose main goal is including the people with dissabilities in the society. The vision of this organization is to be the voice of the youth that will be heard and will make changes and contributions in the society as well as working for the well-being of the&hellip; Continue reading Center for Youth Activism CYA Krik\" \/>\n<meta property=\"og:url\" content=\"https:\/\/dypall.com\/et\/country\/center-for-youth-activism-cya-krik\/\" \/>\n<meta property=\"og:site_name\" content=\"DYPALL Network\" \/>\n<meta property=\"article:modified_time\" content=\"2025-09-29T09:38:14+00:00\" \/>\n<meta property=\"og:image\" content=\"https:\/\/dypall.com\/wp-content\/uploads\/2025\/09\/Krik-logo-Krik-Sending.jpg\" \/>\n\t<meta property=\"og:image:width\" content=\"1080\" \/>\n\t<meta property=\"og:image:height\" content=\"1080\" \/>\n\t<meta property=\"og:image:type\" content=\"image\/jpeg\" \/>\n<meta name=\"twitter:card\" content=\"summary_large_image\" \/>\n<meta name=\"twitter:label1\" content=\"Est. reading time\" \/>\n\t<meta name=\"twitter:data1\" content=\"1 minut\" \/>\n<script type=\"application\/ld+json\" class=\"yoast-schema-graph\">{\"@context\":\"https:\/\/schema.org\",\"@graph\":[{\"@type\":\"WebPage\",\"@id\":\"https:\/\/dypall.com\/country\/center-for-youth-activism-cya-krik\/\",\"url\":\"https:\/\/dypall.com\/country\/center-for-youth-activism-cya-krik\/\",\"name\":\"Center for Youth Activism CYA Krik - DYPALL Network\",\"isPartOf\":{\"@id\":\"https:\/\/dypall.com\/#website\"},\"primaryImageOfPage\":{\"@id\":\"https:\/\/dypall.com\/country\/center-for-youth-activism-cya-krik\/#primaryimage\"},\"image\":{\"@id\":\"https:\/\/dypall.com\/country\/center-for-youth-activism-cya-krik\/#primaryimage\"},\"thumbnailUrl\":\"https:\/\/dypall.com\/wp-content\/uploads\/2025\/09\/Krik-logo-Krik-Sending.jpg\",\"datePublished\":\"2025-09-29T09:38:12+00:00\",\"dateModified\":\"2025-09-29T09:38:14+00:00\",\"breadcrumb\":{\"@id\":\"https:\/\/dypall.com\/country\/center-for-youth-activism-cya-krik\/#breadcrumb\"},\"inLanguage\":\"et\",\"potentialAction\":[{\"@type\":\"ReadAction\",\"target\":[\"https:\/\/dypall.com\/country\/center-for-youth-activism-cya-krik\/\"]}]},{\"@type\":\"ImageObject\",\"inLanguage\":\"et\",\"@id\":\"https:\/\/dypall.com\/country\/center-for-youth-activism-cya-krik\/#primaryimage\",\"url\":\"https:\/\/dypall.com\/wp-content\/uploads\/2025\/09\/Krik-logo-Krik-Sending.jpg\",\"contentUrl\":\"https:\/\/dypall.com\/wp-content\/uploads\/2025\/09\/Krik-logo-Krik-Sending.jpg\",\"width\":1080,\"height\":1080},{\"@type\":\"BreadcrumbList\",\"@id\":\"https:\/\/dypall.com\/country\/center-for-youth-activism-cya-krik\/#breadcrumb\",\"itemListElement\":[{\"@type\":\"ListItem\",\"position\":1,\"name\":\"Home\",\"item\":\"https:\/\/dypall.com\/\"},{\"@type\":\"ListItem\",\"position\":2,\"name\":\"Center for Youth Activism CYA Krik\"}]},{\"@type\":\"WebSite\",\"@id\":\"https:\/\/dypall.com\/#website\",\"url\":\"https:\/\/dypall.com\/\",\"name\":\"DYPALL Network\",\"description\":\"We are a European network of civil society organisations, municipalities and research institutions dedicated to improving democracy through youth participation.\",\"potentialAction\":[{\"@type\":\"SearchAction\",\"target\":{\"@type\":\"EntryPoint\",\"urlTemplate\":\"https:\/\/dypall.com\/?s={search_term_string}\"},\"query-input\":\"required name=search_term_string\"}],\"inLanguage\":\"et\"}]}<\/script>\n<!-- \/ Yoast SEO plugin. -->","yoast_head_json":{"title":"Center for Youth Activism CYA Krik - DYPALL Network","robots":{"index":"index","follow":"follow","max-snippet":"max-snippet:-1","max-image-preview":"max-image-preview:large","max-video-preview":"max-video-preview:-1"},"canonical":"https:\/\/dypall.com\/et\/country\/center-for-youth-activism-cya-krik\/","og_locale":"et_EE","og_type":"article","og_title":"Center for Youth Activism CYA Krik - DYPALL Network","og_description":"Center for youth activism KRIK is non-governmental organization whose main goal is including the people with dissabilities in the society. The vision of this organization is to be the voice of the youth that will be heard and will make changes and contributions in the society as well as working for the well-being of the&hellip; Continue reading Center for Youth Activism CYA Krik","og_url":"https:\/\/dypall.com\/et\/country\/center-for-youth-activism-cya-krik\/","og_site_name":"DYPALL Network","article_modified_time":"2025-09-29T09:38:14+00:00","og_image":[{"width":1080,"height":1080,"url":"https:\/\/dypall.com\/wp-content\/uploads\/2025\/09\/Krik-logo-Krik-Sending.jpg","type":"image\/jpeg"}],"twitter_card":"summary_large_image","twitter_misc":{"Est. reading time":"1 minut"},"schema":{"@context":"https:\/\/schema.org","@graph":[{"@type":"WebPage","@id":"https:\/\/dypall.com\/country\/center-for-youth-activism-cya-krik\/","url":"https:\/\/dypall.com\/country\/center-for-youth-activism-cya-krik\/","name":"Center for Youth Activism CYA Krik - DYPALL Network","isPartOf":{"@id":"https:\/\/dypall.com\/#website"},"primaryImageOfPage":{"@id":"https:\/\/dypall.com\/country\/center-for-youth-activism-cya-krik\/#primaryimage"},"image":{"@id":"https:\/\/dypall.com\/country\/center-for-youth-activism-cya-krik\/#primaryimage"},"thumbnailUrl":"https:\/\/dypall.com\/wp-content\/uploads\/2025\/09\/Krik-logo-Krik-Sending.jpg","datePublished":"2025-09-29T09:38:12+00:00","dateModified":"2025-09-29T09:38:14+00:00","breadcrumb":{"@id":"https:\/\/dypall.com\/country\/center-for-youth-activism-cya-krik\/#breadcrumb"},"inLanguage":"et","potentialAction":[{"@type":"ReadAction","target":["https:\/\/dypall.com\/country\/center-for-youth-activism-cya-krik\/"]}]},{"@type":"ImageObject","inLanguage":"et","@id":"https:\/\/dypall.com\/country\/center-for-youth-activism-cya-krik\/#primaryimage","url":"https:\/\/dypall.com\/wp-content\/uploads\/2025\/09\/Krik-logo-Krik-Sending.jpg","contentUrl":"https:\/\/dypall.com\/wp-content\/uploads\/2025\/09\/Krik-logo-Krik-Sending.jpg","width":1080,"height":1080},{"@type":"BreadcrumbList","@id":"https:\/\/dypall.com\/country\/center-for-youth-activism-cya-krik\/#breadcrumb","itemListElement":[{"@type":"ListItem","position":1,"name":"Home","item":"https:\/\/dypall.com\/"},{"@type":"ListItem","position":2,"name":"Center for Youth Activism CYA Krik"}]},{"@type":"WebSite","@id":"https:\/\/dypall.com\/#website","url":"https:\/\/dypall.com\/","name":"DYPALL Network","description":"We are a European network of civil society organisations, municipalities and research institutions dedicated to improving democracy through youth participation.","potentialAction":[{"@type":"SearchAction","target":{"@type":"EntryPoint","urlTemplate":"https:\/\/dypall.com\/?s={search_term_string}"},"query-input":"required name=search_term_string"}],"inLanguage":"et"}]}},"jetpack_sharing_enabled":true,"_links":{"self":[{"href":"https:\/\/dypall.com\/et\/wp-json\/wp\/v2\/country\/8554","targetHints":{"allow":["GET"]}}],"collection":[{"href":"https:\/\/dypall.com\/et\/wp-json\/wp\/v2\/country"}],"about":[{"href":"https:\/\/dypall.com\/et\/wp-json\/wp\/v2\/types\/country"}],"replies":[{"embeddable":true,"href":"https:\/\/dypall.com\/et\/wp-json\/wp\/v2\/comments?post=8554"}],"wp:featuredmedia":[{"embeddable":true,"href":"https:\/\/dypall.com\/et\/wp-json\/wp\/v2\/media\/8555"}],"wp:attachment":[{"href":"https:\/\/dypall.com\/et\/wp-json\/wp\/v2\/media?parent=8554"}],"wp:term":[{"taxonomy":"country_category","embeddable":true,"href":"https:\/\/dypall.com\/et\/wp-json\/wp\/v2\/country_category?post=8554"},{"taxonomy":"lavel","embeddable":true,"href":"https:\/\/dypall.com\/et\/wp-json\/wp\/v2\/lavel?post=8554"},{"taxonomy":"profession","embeddable":true,"href":"https:\/\/dypall.com\/et\/wp-json\/wp\/v2\/profession?post=8554"}],"curies":[{"name":"wp","href":"https:\/\/api.w.org\/{rel}","templated":true}]}}

<p>Noorte aktivismi keskus KRIK on valitsusväline organisatsioon, mille peamine eesmärk on puuetega inimeste kaasamine ühiskonda. Selle organisatsiooni visioon on olla noorte hääl, mida võetakse kuulda ja mis teeb ühiskonnas muudatusi ja panuseid ning töötab sotsiaalselt tõrjutud rühmade heaolu nimel. KRIK püüab julgustada noorte suuremat osalust, noorte aktiivsust ja mis kõige tähtsam, edendada puuetega inimeste sotsiaalset kaasatust.</p>



<p></p>

<p>Noorte aktivismi keskus KRIK on valitsusväline organisatsioon, mille peamine eesmärk on puuetega inimeste kaasamine ühiskonda. Selle organisatsiooni visioon on olla noorte hääl, mida kuuldakse ja mis teeb ühiskonnas muudatusi ja panuseid ning töötab ühiskonna heaolu nimel. <a class="more-link" href="https://dypall.com/et/country/center-for-youth-activism-cya-krik/">Jätka lugemist <span class="screen-reader-text">Noorte aktivismi keskus CYA Krik</span></a></p>
