{"id":7761,"date":"2024-09-30T15:04:50","date_gmt":"2024-09-30T15:04:50","guid":{"rendered":"https:\/\/dypall.com\/?post_type=country&#038;p=7761"},"modified":"2024-10-01T13:33:09","modified_gmt":"2024-10-01T13:33:09","slug":"camara-municipal-do-fundao","status":"publish","type":"country","link":"https:\/\/dypall.com\/de\/country\/camara-municipal-do-fundao\/","title":{"rendered":"C\u00e2mara Municipal do Fund\u00e3o"},"content":{"rendered":"<p>Fund\u00e3o als Gemeinde im Zentrum Portugals, die von Entv\u00f6lkerung bedroht ist, aber \u00fcber eine starke und entschlossene Strategie f\u00fcr intelligente territoriale Innovation und Jugend verf\u00fcgt, hat ein Innovations\u00f6kosystem geschaffen, das in Portugal eine Referenz darstellt und IT-Unternehmen, Jugendorganisationen und einen regionalen HUB f\u00fcr ernsthafte Mobilit\u00e4t anzieht, Start-ups hervorbringt und Hunderte von Projekten unterst\u00fctzt, w\u00e4hrend in F&amp;E und bahnbrechende Initiativen in den Bereichen berufliche Umschulung und digitale Kompetenzen sowie Finanzkompetenz investiert wird.<\/p>","protected":false},"excerpt":{"rendered":"<p>Fund\u00e3o als Gemeinde im Zentrum Portugals, die von Entv\u00f6lkerung bedroht ist, aber mit einer starken und entschlossenen intelligenten territorialen Innovation und Jugendstrategie, hat ein Innovations\u00f6kosystem geschaffen, das in Portugal eine Referenz ist und IT-Unternehmen, Jugendorganisationen und einen ernsthaften regionalen Mobilit\u00e4ts-HUB anzieht, Start-ups generiert und Hunderte von Projekten unterst\u00fctzt, w\u00e4hrend gleichzeitig Investitionen get\u00e4tigt werden. <a class=\"more-link\" href=\"https:\/\/dypall.com\/de\/country\/camara-municipal-do-fundao\/\"><span class=\"screen-reader-text\">C\u00e2mara Municipal do Fund\u00e3o<\/span> weiterlesen<\/a><\/p>","protected":false},"featured_media":7838,"parent":0,"menu_order":0,"comment_status":"open","ping_status":"open","template":"","format":"standard","meta":{"_acf_changed":true},"country_category":[216],"lavel":[49],"profession":[52],"class_list":["post-7761","country","type-country","status-publish","format-standard","has-post-thumbnail","hentry","country_category-portugal","lavel-basic","profession-local-authorities","entry"],"acf":[],"yoast_head":"<!-- This site is optimized with the Yoast SEO plugin v22.8 - https:\/\/yoast.com\/wordpress\/plugins\/seo\/ -->\n<title>C\u00e2mara Municipal do Fund\u00e3o - DYPALL Network<\/title>\n<meta name=\"robots\" content=\"index, follow, max-snippet:-1, max-image-preview:large, max-video-preview:-1\" \/>\n<link rel=\"canonical\" href=\"https:\/\/dypall.com\/de\/country\/camara-municipal-do-fundao\/\" \/>\n<meta property=\"og:locale\" content=\"de_DE\" \/>\n<meta property=\"og:type\" content=\"article\" \/>\n<meta property=\"og:title\" content=\"C\u00e2mara Municipal do Fund\u00e3o - DYPALL Network\" \/>\n<meta property=\"og:description\" content=\"Fund\u00e3o as a municipality in the center of Portugal, threatened by depopulation, but with a strong and determined smart territorial innovation and youth strategy, has created an innovation ecosystem that is a reference in Portugal, attracting, IT companies, youth organizations and a serious mobility regional HUB, generating start-ups, and supporting hundreds of projects, while investing&hellip; C\u00e2mara Municipal do Fund\u00e3o weiterlesen\" \/>\n<meta property=\"og:url\" content=\"https:\/\/dypall.com\/de\/country\/camara-municipal-do-fundao\/\" \/>\n<meta property=\"og:site_name\" content=\"DYPALL Network\" \/>\n<meta property=\"article:modified_time\" content=\"2024-10-01T13:33:09+00:00\" \/>\n<meta property=\"og:image\" content=\"https:\/\/dypall.com\/wp-content\/uploads\/2024\/09\/Design-sem-nome-29.png\" \/>\n\t<meta property=\"og:image:width\" content=\"500\" \/>\n\t<meta property=\"og:image:height\" content=\"500\" \/>\n\t<meta property=\"og:image:type\" content=\"image\/png\" \/>\n<meta name=\"twitter:card\" content=\"summary_large_image\" \/>\n<meta name=\"twitter:label1\" content=\"Est. reading time\" \/>\n\t<meta name=\"twitter:data1\" content=\"1\u00a0Minute\" \/>\n<script type=\"application\/ld+json\" class=\"yoast-schema-graph\">{\"@context\":\"https:\/\/schema.org\",\"@graph\":[{\"@type\":\"WebPage\",\"@id\":\"https:\/\/dypall.com\/country\/camara-municipal-do-fundao\/\",\"url\":\"https:\/\/dypall.com\/country\/camara-municipal-do-fundao\/\",\"name\":\"C\u00e2mara Municipal do Fund\u00e3o - DYPALL Network\",\"isPartOf\":{\"@id\":\"https:\/\/dypall.com\/#website\"},\"primaryImageOfPage\":{\"@id\":\"https:\/\/dypall.com\/country\/camara-municipal-do-fundao\/#primaryimage\"},\"image\":{\"@id\":\"https:\/\/dypall.com\/country\/camara-municipal-do-fundao\/#primaryimage\"},\"thumbnailUrl\":\"https:\/\/dypall.com\/wp-content\/uploads\/2024\/09\/Design-sem-nome-29.png\",\"datePublished\":\"2024-09-30T15:04:50+00:00\",\"dateModified\":\"2024-10-01T13:33:09+00:00\",\"breadcrumb\":{\"@id\":\"https:\/\/dypall.com\/country\/camara-municipal-do-fundao\/#breadcrumb\"},\"inLanguage\":\"de\",\"potentialAction\":[{\"@type\":\"ReadAction\",\"target\":[\"https:\/\/dypall.com\/country\/camara-municipal-do-fundao\/\"]}]},{\"@type\":\"ImageObject\",\"inLanguage\":\"de\",\"@id\":\"https:\/\/dypall.com\/country\/camara-municipal-do-fundao\/#primaryimage\",\"url\":\"https:\/\/dypall.com\/wp-content\/uploads\/2024\/09\/Design-sem-nome-29.png\",\"contentUrl\":\"https:\/\/dypall.com\/wp-content\/uploads\/2024\/09\/Design-sem-nome-29.png\",\"width\":500,\"height\":500},{\"@type\":\"BreadcrumbList\",\"@id\":\"https:\/\/dypall.com\/country\/camara-municipal-do-fundao\/#breadcrumb\",\"itemListElement\":[{\"@type\":\"ListItem\",\"position\":1,\"name\":\"Home\",\"item\":\"https:\/\/dypall.com\/\"},{\"@type\":\"ListItem\",\"position\":2,\"name\":\"C\u00e2mara Municipal do Fund\u00e3o\"}]},{\"@type\":\"WebSite\",\"@id\":\"https:\/\/dypall.com\/#website\",\"url\":\"https:\/\/dypall.com\/\",\"name\":\"DYPALL Network\",\"description\":\"We are a European network of civil society organisations, municipalities and research institutions dedicated to improving democracy through youth participation.\",\"potentialAction\":[{\"@type\":\"SearchAction\",\"target\":{\"@type\":\"EntryPoint\",\"urlTemplate\":\"https:\/\/dypall.com\/?s={search_term_string}\"},\"query-input\":\"required name=search_term_string\"}],\"inLanguage\":\"de\"}]}<\/script>\n<!-- \/ Yoast SEO plugin. -->","yoast_head_json":{"title":"C\u00e2mara Municipal do Fund\u00e3o - DYPALL Network","robots":{"index":"index","follow":"follow","max-snippet":"max-snippet:-1","max-image-preview":"max-image-preview:large","max-video-preview":"max-video-preview:-1"},"canonical":"https:\/\/dypall.com\/de\/country\/camara-municipal-do-fundao\/","og_locale":"de_DE","og_type":"article","og_title":"C\u00e2mara Municipal do Fund\u00e3o - DYPALL Network","og_description":"Fund\u00e3o as a municipality in the center of Portugal, threatened by depopulation, but with a strong and determined smart territorial innovation and youth strategy, has created an innovation ecosystem that is a reference in Portugal, attracting, IT companies, youth organizations and a serious mobility regional HUB, generating start-ups, and supporting hundreds of projects, while investing&hellip; C\u00e2mara Municipal do Fund\u00e3o weiterlesen","og_url":"https:\/\/dypall.com\/de\/country\/camara-municipal-do-fundao\/","og_site_name":"DYPALL Network","article_modified_time":"2024-10-01T13:33:09+00:00","og_image":[{"width":500,"height":500,"url":"https:\/\/dypall.com\/wp-content\/uploads\/2024\/09\/Design-sem-nome-29.png","type":"image\/png"}],"twitter_card":"summary_large_image","twitter_misc":{"Est. reading time":"1\u00a0Minute"},"schema":{"@context":"https:\/\/schema.org","@graph":[{"@type":"WebPage","@id":"https:\/\/dypall.com\/country\/camara-municipal-do-fundao\/","url":"https:\/\/dypall.com\/country\/camara-municipal-do-fundao\/","name":"C\u00e2mara Municipal do Fund\u00e3o - DYPALL Network","isPartOf":{"@id":"https:\/\/dypall.com\/#website"},"primaryImageOfPage":{"@id":"https:\/\/dypall.com\/country\/camara-municipal-do-fundao\/#primaryimage"},"image":{"@id":"https:\/\/dypall.com\/country\/camara-municipal-do-fundao\/#primaryimage"},"thumbnailUrl":"https:\/\/dypall.com\/wp-content\/uploads\/2024\/09\/Design-sem-nome-29.png","datePublished":"2024-09-30T15:04:50+00:00","dateModified":"2024-10-01T13:33:09+00:00","breadcrumb":{"@id":"https:\/\/dypall.com\/country\/camara-municipal-do-fundao\/#breadcrumb"},"inLanguage":"de","potentialAction":[{"@type":"ReadAction","target":["https:\/\/dypall.com\/country\/camara-municipal-do-fundao\/"]}]},{"@type":"ImageObject","inLanguage":"de","@id":"https:\/\/dypall.com\/country\/camara-municipal-do-fundao\/#primaryimage","url":"https:\/\/dypall.com\/wp-content\/uploads\/2024\/09\/Design-sem-nome-29.png","contentUrl":"https:\/\/dypall.com\/wp-content\/uploads\/2024\/09\/Design-sem-nome-29.png","width":500,"height":500},{"@type":"BreadcrumbList","@id":"https:\/\/dypall.com\/country\/camara-municipal-do-fundao\/#breadcrumb","itemListElement":[{"@type":"ListItem","position":1,"name":"Home","item":"https:\/\/dypall.com\/"},{"@type":"ListItem","position":2,"name":"C\u00e2mara Municipal do Fund\u00e3o"}]},{"@type":"WebSite","@id":"https:\/\/dypall.com\/#website","url":"https:\/\/dypall.com\/","name":"DYPALL Network","description":"We are a European network of civil society organisations, municipalities and research institutions dedicated to improving democracy through youth participation.","potentialAction":[{"@type":"SearchAction","target":{"@type":"EntryPoint","urlTemplate":"https:\/\/dypall.com\/?s={search_term_string}"},"query-input":"required name=search_term_string"}],"inLanguage":"de"}]}},"jetpack_sharing_enabled":true,"_links":{"self":[{"href":"https:\/\/dypall.com\/de\/wp-json\/wp\/v2\/country\/7761","targetHints":{"allow":["GET"]}}],"collection":[{"href":"https:\/\/dypall.com\/de\/wp-json\/wp\/v2\/country"}],"about":[{"href":"https:\/\/dypall.com\/de\/wp-json\/wp\/v2\/types\/country"}],"replies":[{"embeddable":true,"href":"https:\/\/dypall.com\/de\/wp-json\/wp\/v2\/comments?post=7761"}],"wp:featuredmedia":[{"embeddable":true,"href":"https:\/\/dypall.com\/de\/wp-json\/wp\/v2\/media\/7838"}],"wp:attachment":[{"href":"https:\/\/dypall.com\/de\/wp-json\/wp\/v2\/media?parent=7761"}],"wp:term":[{"taxonomy":"country_category","embeddable":true,"href":"https:\/\/dypall.com\/de\/wp-json\/wp\/v2\/country_category?post=7761"},{"taxonomy":"lavel","embeddable":true,"href":"https:\/\/dypall.com\/de\/wp-json\/wp\/v2\/lavel?post=7761"},{"taxonomy":"profession","embeddable":true,"href":"https:\/\/dypall.com\/de\/wp-json\/wp\/v2\/profession?post=7761"}],"curies":[{"name":"wp","href":"https:\/\/api.w.org\/{rel}","templated":true}]}}

Câmara Municipal do Fundão

<p>Fundão als Gemeinde im Zentrum Portugals, die von Entvölkerung bedroht ist, aber über eine starke und entschlossene Strategie für intelligente territoriale Innovation und Jugend verfügt, hat ein Innovationsökosystem geschaffen, das in Portugal eine Referenz darstellt und IT-Unternehmen, Jugendorganisationen und einen regionalen HUB für ernsthafte Mobilität anzieht, Start-ups hervorbringt und Hunderte von Projekten unterstützt, während in F&amp;E und bahnbrechende Initiativen in den Bereichen berufliche Umschulung und digitale Kompetenzen sowie Finanzkompetenz investiert wird.</p>

<p>Fundão als Gemeinde im Zentrum Portugals, die von Entvölkerung bedroht ist, aber mit einer starken und entschlossenen intelligenten territorialen Innovation und Jugendstrategie, hat ein Innovationsökosystem geschaffen, das in Portugal eine Referenz ist und IT-Unternehmen, Jugendorganisationen und einen ernsthaften regionalen Mobilitäts-HUB anzieht, Start-ups generiert und Hunderte von Projekten unterstützt, während gleichzeitig Investitionen getätigt werden. <a class="more-link" href="https://dypall.com/de/country/camara-municipal-do-fundao/"><span class="screen-reader-text">Câmara Municipal do Fundão</span> weiterlesen</a></p>

<!-- This site is optimized with the Yoast SEO plugin v22.8 - https://yoast.com/wordpress/plugins/seo/ -->
<title>Câmara Municipal do Fundão - DYPALL Network</title>
<meta name="robots" content="index, follow, max-snippet:-1, max-image-preview:large, max-video-preview:-1" />
<link rel="canonical" href="https://dypall.com/de/country/camara-municipal-do-fundao/" />
<meta property="og:locale" content="de_DE" />
<meta property="og:type" content="article" />
<meta property="og:title" content="Câmara Municipal do Fundão - DYPALL Network" />
<meta property="og:description" content="Fundão as a municipality in the center of Portugal, threatened by depopulation, but with a strong and determined smart territorial innovation and youth strategy, has created an innovation ecosystem that is a reference in Portugal, attracting, IT companies, youth organizations and a serious mobility regional HUB, generating start-ups, and supporting hundreds of projects, while investing&hellip; Câmara Municipal do Fundão weiterlesen" />
<meta property="og:url" content="https://dypall.com/de/country/camara-municipal-do-fundao/" />
<meta property="og:site_name" content="DYPALL Network" />
<meta property="article:modified_time" content="2024-10-01T13:33:09+00:00" />
<meta property="og:image" content="https://dypall.com/wp-content/uploads/2024/09/Design-sem-nome-29.png" />
	<meta property="og:image:width" content="500" />
	<meta property="og:image:height" content="500" />
	<meta property="og:image:type" content="image/png" />
<meta name="twitter:card" content="summary_large_image" />
<meta name="twitter:label1" content="Est. reading time" />
	<meta name="twitter:data1" content="1 Minute" />
<script type="application/ld+json" class="yoast-schema-graph">{"@context":"https://schema.org","@graph":[{"@type":"WebPage","@id":"https://dypall.com/country/camara-municipal-do-fundao/","url":"https://dypall.com/country/camara-municipal-do-fundao/","name":"Câmara Municipal do Fundão - DYPALL Network","isPartOf":{"@id":"https://dypall.com/#website"},"primaryImageOfPage":{"@id":"https://dypall.com/country/camara-municipal-do-fundao/#primaryimage"},"image":{"@id":"https://dypall.com/country/camara-municipal-do-fundao/#primaryimage"},"thumbnailUrl":"https://dypall.com/wp-content/uploads/2024/09/Design-sem-nome-29.png","datePublished":"2024-09-30T15:04:50+00:00","dateModified":"2024-10-01T13:33:09+00:00","breadcrumb":{"@id":"https://dypall.com/country/camara-municipal-do-fundao/#breadcrumb"},"inLanguage":"de","potentialAction":[{"@type":"ReadAction","target":["https://dypall.com/country/camara-municipal-do-fundao/"]}]},{"@type":"ImageObject","inLanguage":"de","@id":"https://dypall.com/country/camara-municipal-do-fundao/#primaryimage","url":"https://dypall.com/wp-content/uploads/2024/09/Design-sem-nome-29.png","contentUrl":"https://dypall.com/wp-content/uploads/2024/09/Design-sem-nome-29.png","width":500,"height":500},{"@type":"BreadcrumbList","@id":"https://dypall.com/country/camara-municipal-do-fundao/#breadcrumb","itemListElement":[{"@type":"ListItem","position":1,"name":"Home","item":"https://dypall.com/"},{"@type":"ListItem","position":2,"name":"Câmara Municipal do Fundão"}]},{"@type":"WebSite","@id":"https://dypall.com/#website","url":"https://dypall.com/","name":"DYPALL Network","description":"We are a European network of civil society organisations, municipalities and research institutions dedicated to improving democracy through youth participation.","potentialAction":[{"@type":"SearchAction","target":{"@type":"EntryPoint","urlTemplate":"https://dypall.com/?s={search_term_string}"},"query-input":"required name=search_term_string"}],"inLanguage":"de"}]}</script>
<!-- / Yoast SEO plugin. -->

Câmara Municipal do Fundão - DYPALL Network

Fundão as a municipality in the center of Portugal, threatened by depopulation, but with a strong and determined smart territorial innovation and youth strategy, has created an innovation ecosystem that is a reference in Portugal, attracting, IT companies, youth organizations and a serious mobility regional HUB, generating start-ups, and supporting hundreds of projects, while investing&hellip; Câmara Municipal do Fundão weiterlesen
